{"id":106,"date":"2016-08-26T10:51:18","date_gmt":"2016-08-26T10:51:18","guid":{"rendered":"http:\/\/hidro-truck.com\/web\/?page_id=106"},"modified":"2016-08-27T01:36:59","modified_gmt":"2016-08-27T01:36:59","slug":"taller-de-modificacion-y-reparacion","status":"publish","type":"page","link":"https:\/\/hidro-truck.com\/web\/servicios-en-el-rubro-reparacion-mantenimiento-montaje-y-ventas-de-gruas\/taller-de-modificacion-y-reparacion\/","title":{"rendered":"Taller de Modificaci\u00f3n y Reparaci\u00f3n"},"content":{"rendered":"<p>Somos una empresa habilitada por la CNTSV (Comisi\u00f3n Nacional del Tr\u00e1nsito y la Seguridad Vial) Subsecretaria de Transporte Automotor.<\/p>\n<p><img decoding=\"async\" loading=\"lazy\" class=\"alignnone wp-image-128 size-full\" src=\"http:\/\/hidro-truck.com\/web\/wp-content\/uploads\/2016\/08\/taller.jpg\" alt=\"taller\" width=\"750\" height=\"400\" srcset=\"https:\/\/hidro-truck.com\/web\/wp-content\/uploads\/2016\/08\/taller.jpg 750w, https:\/\/hidro-truck.com\/web\/wp-content\/uploads\/2016\/08\/taller-300x160.jpg 300w\" sizes=\"(max-width: 750px) 100vw, 750px\" \/><\/p>\n<p>Contactar al CNTSV:\u00a0<a href=\"mailto:info@cent.gov.ar\">info@cent.gov.ar<\/a><\/p>\n<p>&nbsp;<\/p>\n<!-- AddThis Advanced Settings generic via filter on the_content --><!-- AddThis Share Buttons generic via filter on the_content -->","protected":false},"excerpt":{"rendered":"<p>Somos una empresa habilitada por la CNTSV (Comisi\u00f3n Nacional del Tr\u00e1nsito y la Seguridad Vial) Subsecretaria de Transporte Automotor. Contactar al CNTSV:\u00a0info@cent.gov.ar &nbsp;<!-- AddThis Advanced Settings generic via filter on get_the_excerpt --><!-- AddThis Share Buttons generic via filter on get_the_excerpt --><\/p>\n","protected":false},"author":1,"featured_media":144,"parent":21,"menu_order":0,"comment_status":"closed","ping_status":"closed","template":"","meta":[],"yoast_head":"<!-- This site is optimized with the Yoast SEO plugin v21.0 - https:\/\/yoast.com\/wordpress\/plugins\/seo\/ -->\n<title>Taller de Modificaci\u00f3n y Reparaci\u00f3n - HidroTruck SRL<\/title>\n<meta name=\"robots\" content=\"index, follow, max-snippet:-1, max-image-preview:large, max-video-preview:-1\" \/>\n<link rel=\"canonical\" href=\"https:\/\/hidro-truck.com\/web\/servicios\/taller-de-modificacion-y-reparacion\/\" \/>\n<meta property=\"og:locale\" content=\"es_ES\" \/>\n<meta property=\"og:type\" content=\"article\" \/>\n<meta property=\"og:title\" content=\"Taller de Modificaci\u00f3n y Reparaci\u00f3n - HidroTruck SRL\" \/>\n<meta property=\"og:description\" content=\"Somos una empresa habilitada por la CNTSV (Comisi\u00f3n Nacional del Tr\u00e1nsito y la Seguridad Vial) Subsecretaria de Transporte Automotor. Contactar al CNTSV:\u00a0info@cent.gov.ar &nbsp;\" \/>\n<meta property=\"og:url\" content=\"https:\/\/hidro-truck.com\/web\/servicios\/taller-de-modificacion-y-reparacion\/\" \/>\n<meta property=\"og:site_name\" content=\"HidroTruck SRL\" \/>\n<meta property=\"article:modified_time\" content=\"2016-08-27T01:36:59+00:00\" \/>\n<meta property=\"og:image\" content=\"https:\/\/hidro-truck.com\/web\/wp-content\/uploads\/2016\/08\/tercer-eje.jpg\" \/>\n\t<meta property=\"og:image:width\" content=\"750\" \/>\n\t<meta property=\"og:image:height\" content=\"291\" \/>\n\t<meta property=\"og:image:type\" content=\"image\/jpeg\" \/>\n<meta name=\"twitter:card\" content=\"summary_large_image\" \/>\n<script type=\"application\/ld+json\" class=\"yoast-schema-graph\">{\"@context\":\"https:\/\/schema.org\",\"@graph\":[{\"@type\":\"WebPage\",\"@id\":\"https:\/\/hidro-truck.com\/web\/servicios\/taller-de-modificacion-y-reparacion\/\",\"url\":\"https:\/\/hidro-truck.com\/web\/servicios\/taller-de-modificacion-y-reparacion\/\",\"name\":\"Taller de Modificaci\u00f3n y Reparaci\u00f3n - HidroTruck SRL\",\"isPartOf\":{\"@id\":\"https:\/\/hidro-truck.com\/web\/#website\"},\"datePublished\":\"2016-08-26T10:51:18+00:00\",\"dateModified\":\"2016-08-27T01:36:59+00:00\",\"breadcrumb\":{\"@id\":\"https:\/\/hidro-truck.com\/web\/servicios\/taller-de-modificacion-y-reparacion\/#breadcrumb\"},\"inLanguage\":\"es\",\"potentialAction\":[{\"@type\":\"ReadAction\",\"target\":[\"https:\/\/hidro-truck.com\/web\/servicios\/taller-de-modificacion-y-reparacion\/\"]}]},{\"@type\":\"BreadcrumbList\",\"@id\":\"https:\/\/hidro-truck.com\/web\/servicios\/taller-de-modificacion-y-reparacion\/#breadcrumb\",\"itemListElement\":[{\"@type\":\"ListItem\",\"position\":1,\"name\":\"Portada\",\"item\":\"https:\/\/hidro-truck.com\/web\/\"},{\"@type\":\"ListItem\",\"position\":2,\"name\":\"Servicios\",\"item\":\"https:\/\/hidro-truck.com\/web\/servicios-en-el-rubro-reparacion-mantenimiento-montaje-y-ventas-de-gruas\/\"},{\"@type\":\"ListItem\",\"position\":3,\"name\":\"Taller de Modificaci\u00f3n y Reparaci\u00f3n\"}]},{\"@type\":\"WebSite\",\"@id\":\"https:\/\/hidro-truck.com\/web\/#website\",\"url\":\"https:\/\/hidro-truck.com\/web\/\",\"name\":\"HidroTruck SRL\",\"description\":\"Venta de Hidrogruas TKA. Reparaci\u00f3n y mantenimiento\",\"potentialAction\":[{\"@type\":\"SearchAction\",\"target\":{\"@type\":\"EntryPoint\",\"urlTemplate\":\"https:\/\/hidro-truck.com\/web\/?s={search_term_string}\"},\"query-input\":\"required name=search_term_string\"}],\"inLanguage\":\"es\"}]}<\/script>\n<!-- \/ Yoast SEO plugin. -->","yoast_head_json":{"title":"Taller de Modificaci\u00f3n y Reparaci\u00f3n - HidroTruck SRL","robots":{"index":"index","follow":"follow","max-snippet":"max-snippet:-1","max-image-preview":"max-image-preview:large","max-video-preview":"max-video-preview:-1"},"canonical":"https:\/\/hidro-truck.com\/web\/servicios\/taller-de-modificacion-y-reparacion\/","og_locale":"es_ES","og_type":"article","og_title":"Taller de Modificaci\u00f3n y Reparaci\u00f3n - HidroTruck SRL","og_description":"Somos una empresa habilitada por la CNTSV (Comisi\u00f3n Nacional del Tr\u00e1nsito y la Seguridad Vial) Subsecretaria de Transporte Automotor. Contactar al CNTSV:\u00a0info@cent.gov.ar &nbsp;","og_url":"https:\/\/hidro-truck.com\/web\/servicios\/taller-de-modificacion-y-reparacion\/","og_site_name":"HidroTruck SRL","article_modified_time":"2016-08-27T01:36:59+00:00","og_image":[{"width":750,"height":291,"url":"https:\/\/hidro-truck.com\/web\/wp-content\/uploads\/2016\/08\/tercer-eje.jpg","type":"image\/jpeg"}],"twitter_card":"summary_large_image","schema":{"@context":"https:\/\/schema.org","@graph":[{"@type":"WebPage","@id":"https:\/\/hidro-truck.com\/web\/servicios\/taller-de-modificacion-y-reparacion\/","url":"https:\/\/hidro-truck.com\/web\/servicios\/taller-de-modificacion-y-reparacion\/","name":"Taller de Modificaci\u00f3n y Reparaci\u00f3n - HidroTruck SRL","isPartOf":{"@id":"https:\/\/hidro-truck.com\/web\/#website"},"datePublished":"2016-08-26T10:51:18+00:00","dateModified":"2016-08-27T01:36:59+00:00","breadcrumb":{"@id":"https:\/\/hidro-truck.com\/web\/servicios\/taller-de-modificacion-y-reparacion\/#breadcrumb"},"inLanguage":"es","potentialAction":[{"@type":"ReadAction","target":["https:\/\/hidro-truck.com\/web\/servicios\/taller-de-modificacion-y-reparacion\/"]}]},{"@type":"BreadcrumbList","@id":"https:\/\/hidro-truck.com\/web\/servicios\/taller-de-modificacion-y-reparacion\/#breadcrumb","itemListElement":[{"@type":"ListItem","position":1,"name":"Portada","item":"https:\/\/hidro-truck.com\/web\/"},{"@type":"ListItem","position":2,"name":"Servicios","item":"https:\/\/hidro-truck.com\/web\/servicios-en-el-rubro-reparacion-mantenimiento-montaje-y-ventas-de-gruas\/"},{"@type":"ListItem","position":3,"name":"Taller de Modificaci\u00f3n y Reparaci\u00f3n"}]},{"@type":"WebSite","@id":"https:\/\/hidro-truck.com\/web\/#website","url":"https:\/\/hidro-truck.com\/web\/","name":"HidroTruck SRL","description":"Venta de Hidrogruas TKA. Reparaci\u00f3n y mantenimiento","potentialAction":[{"@type":"SearchAction","target":{"@type":"EntryPoint","urlTemplate":"https:\/\/hidro-truck.com\/web\/?s={search_term_string}"},"query-input":"required name=search_term_string"}],"inLanguage":"es"}]}},"_links":{"self":[{"href":"https:\/\/hidro-truck.com\/web\/wp-json\/wp\/v2\/pages\/106"}],"collection":[{"href":"https:\/\/hidro-truck.com\/web\/wp-json\/wp\/v2\/pages"}],"about":[{"href":"https:\/\/hidro-truck.com\/web\/wp-json\/wp\/v2\/types\/page"}],"author":[{"embeddable":true,"href":"https:\/\/hidro-truck.com\/web\/wp-json\/wp\/v2\/users\/1"}],"replies":[{"embeddable":true,"href":"https:\/\/hidro-truck.com\/web\/wp-json\/wp\/v2\/comments?post=106"}],"version-history":[{"count":5,"href":"https:\/\/hidro-truck.com\/web\/wp-json\/wp\/v2\/pages\/106\/revisions"}],"predecessor-version":[{"id":145,"href":"https:\/\/hidro-truck.com\/web\/wp-json\/wp\/v2\/pages\/106\/revisions\/145"}],"up":[{"embeddable":true,"href":"https:\/\/hidro-truck.com\/web\/wp-json\/wp\/v2\/pages\/21"}],"wp:featuredmedia":[{"embeddable":true,"href":"https:\/\/hidro-truck.com\/web\/wp-json\/wp\/v2\/media\/144"}],"wp:attachment":[{"href":"https:\/\/hidro-truck.com\/web\/wp-json\/wp\/v2\/media?parent=106"}],"curies":[{"name":"wp","href":"https:\/\/api.w.org\/{rel}","templated":true}]}}