{"id":1302,"date":"2019-04-05T04:30:33","date_gmt":"2019-04-05T04:30:33","guid":{"rendered":"http:\/\/hidro-truck.com\/web\/?page_id=1302"},"modified":"2019-04-05T04:30:33","modified_gmt":"2019-04-05T04:30:33","slug":"grua-multifuncion-tka-8700","status":"publish","type":"page","link":"https:\/\/hidro-truck.com\/web\/trabajos\/grua-multifuncion-tka-8700\/","title":{"rendered":"Gr\u00faa MULTIFUNCION TKA 8700"},"content":{"rendered":"<p><strong>Gr\u00faa Multifunci\u00f3n Modelo TKA 8700 3H con barquilla y radio control.<\/strong><\/p>\n<p><img decoding=\"async\" loading=\"lazy\" class=\"alignnone size-large wp-image-1303\" src=\"http:\/\/hidro-truck.com\/web\/wp-content\/uploads\/2019\/04\/tka-8700-edenor-1-1024x768.jpg\" alt=\"tka-8700-edenor-1\" width=\"550\" height=\"413\" srcset=\"https:\/\/hidro-truck.com\/web\/wp-content\/uploads\/2019\/04\/tka-8700-edenor-1-1024x768.jpg 1024w, https:\/\/hidro-truck.com\/web\/wp-content\/uploads\/2019\/04\/tka-8700-edenor-1-300x225.jpg 300w, https:\/\/hidro-truck.com\/web\/wp-content\/uploads\/2019\/04\/tka-8700-edenor-1-768x576.jpg 768w, https:\/\/hidro-truck.com\/web\/wp-content\/uploads\/2019\/04\/tka-8700-edenor-1.jpg 1280w\" sizes=\"(max-width: 550px) 100vw, 550px\" \/><\/p>\n<p>Cliente:<strong> Edenor<\/strong><\/p>\n<p><img decoding=\"async\" loading=\"lazy\" class=\"alignnone size-large wp-image-1304\" src=\"http:\/\/hidro-truck.com\/web\/wp-content\/uploads\/2019\/04\/tka-8700-edenor-2-1024x768.jpg\" alt=\"tka-8700-edenor-2\" width=\"550\" height=\"413\" srcset=\"https:\/\/hidro-truck.com\/web\/wp-content\/uploads\/2019\/04\/tka-8700-edenor-2-1024x768.jpg 1024w, https:\/\/hidro-truck.com\/web\/wp-content\/uploads\/2019\/04\/tka-8700-edenor-2-300x225.jpg 300w, https:\/\/hidro-truck.com\/web\/wp-content\/uploads\/2019\/04\/tka-8700-edenor-2-768x576.jpg 768w, https:\/\/hidro-truck.com\/web\/wp-content\/uploads\/2019\/04\/tka-8700-edenor-2.jpg 1280w\" sizes=\"(max-width: 550px) 100vw, 550px\" \/><\/p>\n<!-- AddThis Advanced Settings generic via filter on the_content --><!-- AddThis Share Buttons generic via filter on the_content -->","protected":false},"excerpt":{"rendered":"<p>Gr\u00faa Multifunci\u00f3n Modelo TKA 8700 3H con barquilla y radio control. Cliente: Edenor<!-- AddThis Advanced Settings generic via filter on get_the_excerpt --><!-- AddThis Share Buttons generic via filter on get_the_excerpt --><\/p>\n","protected":false},"author":1,"featured_media":1305,"parent":23,"menu_order":0,"comment_status":"closed","ping_status":"closed","template":"","meta":[],"yoast_head":"<!-- This site is optimized with the Yoast SEO plugin v21.0 - https:\/\/yoast.com\/wordpress\/plugins\/seo\/ -->\n<title>Gr\u00faa MULTIFUNCION TKA 8700 - HidroTruck SRL<\/title>\n<meta name=\"robots\" content=\"index, follow, max-snippet:-1, max-image-preview:large, max-video-preview:-1\" \/>\n<link rel=\"canonical\" href=\"https:\/\/hidro-truck.com\/web\/trabajos\/grua-multifuncion-tka-8700\/\" \/>\n<meta property=\"og:locale\" content=\"es_ES\" \/>\n<meta property=\"og:type\" content=\"article\" \/>\n<meta property=\"og:title\" content=\"Gr\u00faa MULTIFUNCION TKA 8700 - HidroTruck SRL\" \/>\n<meta property=\"og:description\" content=\"Gr\u00faa Multifunci\u00f3n Modelo TKA 8700 3H con barquilla y radio control. Cliente: Edenor\" \/>\n<meta property=\"og:url\" content=\"https:\/\/hidro-truck.com\/web\/trabajos\/grua-multifuncion-tka-8700\/\" \/>\n<meta property=\"og:site_name\" content=\"HidroTruck SRL\" \/>\n<meta property=\"og:image\" content=\"https:\/\/hidro-truck.com\/web\/wp-content\/uploads\/2019\/04\/tka-8700-edenor-3.jpg\" \/>\n\t<meta property=\"og:image:width\" content=\"1280\" \/>\n\t<meta property=\"og:image:height\" content=\"960\" \/>\n\t<meta property=\"og:image:type\" content=\"image\/jpeg\" \/>\n<meta name=\"twitter:card\" content=\"summary_large_image\" \/>\n<script type=\"application\/ld+json\" class=\"yoast-schema-graph\">{\"@context\":\"https:\/\/schema.org\",\"@graph\":[{\"@type\":\"WebPage\",\"@id\":\"https:\/\/hidro-truck.com\/web\/trabajos\/grua-multifuncion-tka-8700\/\",\"url\":\"https:\/\/hidro-truck.com\/web\/trabajos\/grua-multifuncion-tka-8700\/\",\"name\":\"Gr\u00faa MULTIFUNCION TKA 8700 - HidroTruck SRL\",\"isPartOf\":{\"@id\":\"https:\/\/hidro-truck.com\/web\/#website\"},\"datePublished\":\"2019-04-05T04:30:33+00:00\",\"dateModified\":\"2019-04-05T04:30:33+00:00\",\"breadcrumb\":{\"@id\":\"https:\/\/hidro-truck.com\/web\/trabajos\/grua-multifuncion-tka-8700\/#breadcrumb\"},\"inLanguage\":\"es\",\"potentialAction\":[{\"@type\":\"ReadAction\",\"target\":[\"https:\/\/hidro-truck.com\/web\/trabajos\/grua-multifuncion-tka-8700\/\"]}]},{\"@type\":\"BreadcrumbList\",\"@id\":\"https:\/\/hidro-truck.com\/web\/trabajos\/grua-multifuncion-tka-8700\/#breadcrumb\",\"itemListElement\":[{\"@type\":\"ListItem\",\"position\":1,\"name\":\"Portada\",\"item\":\"https:\/\/hidro-truck.com\/web\/\"},{\"@type\":\"ListItem\",\"position\":2,\"name\":\"Trabajos\",\"item\":\"https:\/\/hidro-truck.com\/web\/trabajos\/\"},{\"@type\":\"ListItem\",\"position\":3,\"name\":\"Gr\u00faa MULTIFUNCION TKA 8700\"}]},{\"@type\":\"WebSite\",\"@id\":\"https:\/\/hidro-truck.com\/web\/#website\",\"url\":\"https:\/\/hidro-truck.com\/web\/\",\"name\":\"HidroTruck SRL\",\"description\":\"Venta de Hidrogruas TKA. Reparaci\u00f3n y mantenimiento\",\"potentialAction\":[{\"@type\":\"SearchAction\",\"target\":{\"@type\":\"EntryPoint\",\"urlTemplate\":\"https:\/\/hidro-truck.com\/web\/?s={search_term_string}\"},\"query-input\":\"required name=search_term_string\"}],\"inLanguage\":\"es\"}]}<\/script>\n<!-- \/ Yoast SEO plugin. -->","yoast_head_json":{"title":"Gr\u00faa MULTIFUNCION TKA 8700 - HidroTruck SRL","robots":{"index":"index","follow":"follow","max-snippet":"max-snippet:-1","max-image-preview":"max-image-preview:large","max-video-preview":"max-video-preview:-1"},"canonical":"https:\/\/hidro-truck.com\/web\/trabajos\/grua-multifuncion-tka-8700\/","og_locale":"es_ES","og_type":"article","og_title":"Gr\u00faa MULTIFUNCION TKA 8700 - HidroTruck SRL","og_description":"Gr\u00faa Multifunci\u00f3n Modelo TKA 8700 3H con barquilla y radio control. Cliente: Edenor","og_url":"https:\/\/hidro-truck.com\/web\/trabajos\/grua-multifuncion-tka-8700\/","og_site_name":"HidroTruck SRL","og_image":[{"width":1280,"height":960,"url":"https:\/\/hidro-truck.com\/web\/wp-content\/uploads\/2019\/04\/tka-8700-edenor-3.jpg","type":"image\/jpeg"}],"twitter_card":"summary_large_image","schema":{"@context":"https:\/\/schema.org","@graph":[{"@type":"WebPage","@id":"https:\/\/hidro-truck.com\/web\/trabajos\/grua-multifuncion-tka-8700\/","url":"https:\/\/hidro-truck.com\/web\/trabajos\/grua-multifuncion-tka-8700\/","name":"Gr\u00faa MULTIFUNCION TKA 8700 - HidroTruck SRL","isPartOf":{"@id":"https:\/\/hidro-truck.com\/web\/#website"},"datePublished":"2019-04-05T04:30:33+00:00","dateModified":"2019-04-05T04:30:33+00:00","breadcrumb":{"@id":"https:\/\/hidro-truck.com\/web\/trabajos\/grua-multifuncion-tka-8700\/#breadcrumb"},"inLanguage":"es","potentialAction":[{"@type":"ReadAction","target":["https:\/\/hidro-truck.com\/web\/trabajos\/grua-multifuncion-tka-8700\/"]}]},{"@type":"BreadcrumbList","@id":"https:\/\/hidro-truck.com\/web\/trabajos\/grua-multifuncion-tka-8700\/#breadcrumb","itemListElement":[{"@type":"ListItem","position":1,"name":"Portada","item":"https:\/\/hidro-truck.com\/web\/"},{"@type":"ListItem","position":2,"name":"Trabajos","item":"https:\/\/hidro-truck.com\/web\/trabajos\/"},{"@type":"ListItem","position":3,"name":"Gr\u00faa MULTIFUNCION TKA 8700"}]},{"@type":"WebSite","@id":"https:\/\/hidro-truck.com\/web\/#website","url":"https:\/\/hidro-truck.com\/web\/","name":"HidroTruck SRL","description":"Venta de Hidrogruas TKA. Reparaci\u00f3n y mantenimiento","potentialAction":[{"@type":"SearchAction","target":{"@type":"EntryPoint","urlTemplate":"https:\/\/hidro-truck.com\/web\/?s={search_term_string}"},"query-input":"required name=search_term_string"}],"inLanguage":"es"}]}},"_links":{"self":[{"href":"https:\/\/hidro-truck.com\/web\/wp-json\/wp\/v2\/pages\/1302"}],"collection":[{"href":"https:\/\/hidro-truck.com\/web\/wp-json\/wp\/v2\/pages"}],"about":[{"href":"https:\/\/hidro-truck.com\/web\/wp-json\/wp\/v2\/types\/page"}],"author":[{"embeddable":true,"href":"https:\/\/hidro-truck.com\/web\/wp-json\/wp\/v2\/users\/1"}],"replies":[{"embeddable":true,"href":"https:\/\/hidro-truck.com\/web\/wp-json\/wp\/v2\/comments?post=1302"}],"version-history":[{"count":2,"href":"https:\/\/hidro-truck.com\/web\/wp-json\/wp\/v2\/pages\/1302\/revisions"}],"predecessor-version":[{"id":1314,"href":"https:\/\/hidro-truck.com\/web\/wp-json\/wp\/v2\/pages\/1302\/revisions\/1314"}],"up":[{"embeddable":true,"href":"https:\/\/hidro-truck.com\/web\/wp-json\/wp\/v2\/pages\/23"}],"wp:featuredmedia":[{"embeddable":true,"href":"https:\/\/hidro-truck.com\/web\/wp-json\/wp\/v2\/media\/1305"}],"wp:attachment":[{"href":"https:\/\/hidro-truck.com\/web\/wp-json\/wp\/v2\/media?parent=1302"}],"curies":[{"name":"wp","href":"https:\/\/api.w.org\/{rel}","templated":true}]}}