{"id":1657,"date":"2021-05-06T18:54:03","date_gmt":"2021-05-06T18:54:03","guid":{"rendered":"https:\/\/hidro-truck.com\/web\/?page_id=1657"},"modified":"2021-05-06T18:54:03","modified_gmt":"2021-05-06T18:54:03","slug":"corralon-ladrillos-ya-trabaja-tka-10-700-premium","status":"publish","type":"page","link":"https:\/\/hidro-truck.com\/web\/trabajos\/corralon-ladrillos-ya-trabaja-tka-10-700-premium\/","title":{"rendered":"Corral\u00f3n Todo Ladrillos ya trabaja con su TKA 10.700 Premium"},"content":{"rendered":"<p>El sector de los Corralones de materiales de construcci\u00f3n no para de adquirir\u00a0<strong>Hidrogruas TKA<\/strong>. La firma\u00a0<strong>Todo Ladrillos<\/strong>, oriunda de la localiad bonaerense de\u00a0<strong>Luj\u00e1n<\/strong>, ya tiene operativa su\u00a0<strong>modelo 10.700 Premium<\/strong>\u00a0en formato Canivete y configuraci\u00f3n 2H 1M.<\/p>\n<p><img decoding=\"async\" loading=\"lazy\" class=\"alignnone size-large wp-image-1658 aligncenter\" src=\"https:\/\/hidro-truck.com\/web\/wp-content\/uploads\/2021\/05\/pf_1615295437-1024x600-1024x600.jpg\" alt=\"pf_1615295437-1024x600\" width=\"550\" height=\"322\" srcset=\"https:\/\/hidro-truck.com\/web\/wp-content\/uploads\/2021\/05\/pf_1615295437-1024x600.jpg 1024w, https:\/\/hidro-truck.com\/web\/wp-content\/uploads\/2021\/05\/pf_1615295437-1024x600-300x176.jpg 300w, https:\/\/hidro-truck.com\/web\/wp-content\/uploads\/2021\/05\/pf_1615295437-1024x600-768x450.jpg 768w\" sizes=\"(max-width: 550px) 100vw, 550px\" \/><\/p>\n<p>Se trata de un equipo de batalla ideal para el trabajo corralonero: \u00e1gil y resistente a los movimientos de bolsas big bag de arena, pallet de ladrillos y bolsas de cemento, etc.<\/p>\n<p><img decoding=\"async\" loading=\"lazy\" class=\"alignnone size-large wp-image-1660 aligncenter\" src=\"https:\/\/hidro-truck.com\/web\/wp-content\/uploads\/2021\/05\/pf_1615295684-1024x706.jpg\" alt=\"pf_1615295684\" width=\"550\" height=\"379\" srcset=\"https:\/\/hidro-truck.com\/web\/wp-content\/uploads\/2021\/05\/pf_1615295684.jpg 1024w, https:\/\/hidro-truck.com\/web\/wp-content\/uploads\/2021\/05\/pf_1615295684-300x207.jpg 300w, https:\/\/hidro-truck.com\/web\/wp-content\/uploads\/2021\/05\/pf_1615295684-768x530.jpg 768w\" sizes=\"(max-width: 550px) 100vw, 550px\" \/><\/p>\n<p>La instalaci\u00f3n de la TKA 10.700 sobre un cami\u00f3n Ford Cargo 1416 se llevo a cabo en nuestras instalaciones, desde donde tambi\u00e9n se gestion\u00f3 su venta.<\/p>\n<p>&nbsp;<\/p>\n<!-- AddThis Advanced Settings generic via filter on the_content --><!-- AddThis Share Buttons generic via filter on the_content -->","protected":false},"excerpt":{"rendered":"<p>El sector de los Corralones de materiales de construcci\u00f3n no para de adquirir\u00a0Hidrogruas TKA. La firma\u00a0Todo Ladrillos, oriunda de la localiad bonaerense de\u00a0Luj\u00e1n, ya tiene operativa su\u00a0modelo 10.700 Premium\u00a0en formato Canivete y configuraci\u00f3n 2H 1M. Se trata de un equipo de batalla ideal para el trabajo corralonero: \u00e1gil y resistente a los movimientos de bolsas<!-- AddThis Advanced Settings generic via filter on get_the_excerpt --><!-- AddThis Share Buttons generic via filter on get_the_excerpt --><\/p>\n","protected":false},"author":1,"featured_media":1659,"parent":23,"menu_order":0,"comment_status":"closed","ping_status":"closed","template":"","meta":[],"yoast_head":"<!-- This site is optimized with the Yoast SEO plugin v21.0 - https:\/\/yoast.com\/wordpress\/plugins\/seo\/ -->\n<title>Corral\u00f3n Todo Ladrillos ya trabaja con su TKA 10.700 Premium - HidroTruck SRL<\/title>\n<meta name=\"robots\" content=\"index, follow, max-snippet:-1, max-image-preview:large, max-video-preview:-1\" \/>\n<link rel=\"canonical\" href=\"https:\/\/hidro-truck.com\/web\/trabajos\/corralon-ladrillos-ya-trabaja-tka-10-700-premium\/\" \/>\n<meta property=\"og:locale\" content=\"es_ES\" \/>\n<meta property=\"og:type\" content=\"article\" \/>\n<meta property=\"og:title\" content=\"Corral\u00f3n Todo Ladrillos ya trabaja con su TKA 10.700 Premium - HidroTruck SRL\" \/>\n<meta property=\"og:description\" content=\"El sector de los Corralones de materiales de construcci\u00f3n no para de adquirir\u00a0Hidrogruas TKA. La firma\u00a0Todo Ladrillos, oriunda de la localiad bonaerense de\u00a0Luj\u00e1n, ya tiene operativa su\u00a0modelo 10.700 Premium\u00a0en formato Canivete y configuraci\u00f3n 2H 1M. Se trata de un equipo de batalla ideal para el trabajo corralonero: \u00e1gil y resistente a los movimientos de bolsas\" \/>\n<meta property=\"og:url\" content=\"https:\/\/hidro-truck.com\/web\/trabajos\/corralon-ladrillos-ya-trabaja-tka-10-700-premium\/\" \/>\n<meta property=\"og:site_name\" content=\"HidroTruck SRL\" \/>\n<meta property=\"og:image\" content=\"https:\/\/hidro-truck.com\/web\/wp-content\/uploads\/2021\/05\/WhatsApp-Image-2021-02-22-at-2.30.55-PM-1.jpeg\" \/>\n\t<meta property=\"og:image:width\" content=\"1024\" \/>\n\t<meta property=\"og:image:height\" content=\"768\" \/>\n\t<meta property=\"og:image:type\" content=\"image\/jpeg\" \/>\n<meta name=\"twitter:card\" content=\"summary_large_image\" \/>\n<meta name=\"twitter:label1\" content=\"Tiempo de lectura\" \/>\n\t<meta name=\"twitter:data1\" content=\"1 minuto\" \/>\n<script type=\"application\/ld+json\" class=\"yoast-schema-graph\">{\"@context\":\"https:\/\/schema.org\",\"@graph\":[{\"@type\":\"WebPage\",\"@id\":\"https:\/\/hidro-truck.com\/web\/trabajos\/corralon-ladrillos-ya-trabaja-tka-10-700-premium\/\",\"url\":\"https:\/\/hidro-truck.com\/web\/trabajos\/corralon-ladrillos-ya-trabaja-tka-10-700-premium\/\",\"name\":\"Corral\u00f3n Todo Ladrillos ya trabaja con su TKA 10.700 Premium - HidroTruck SRL\",\"isPartOf\":{\"@id\":\"https:\/\/hidro-truck.com\/web\/#website\"},\"datePublished\":\"2021-05-06T18:54:03+00:00\",\"dateModified\":\"2021-05-06T18:54:03+00:00\",\"breadcrumb\":{\"@id\":\"https:\/\/hidro-truck.com\/web\/trabajos\/corralon-ladrillos-ya-trabaja-tka-10-700-premium\/#breadcrumb\"},\"inLanguage\":\"es\",\"potentialAction\":[{\"@type\":\"ReadAction\",\"target\":[\"https:\/\/hidro-truck.com\/web\/trabajos\/corralon-ladrillos-ya-trabaja-tka-10-700-premium\/\"]}]},{\"@type\":\"BreadcrumbList\",\"@id\":\"https:\/\/hidro-truck.com\/web\/trabajos\/corralon-ladrillos-ya-trabaja-tka-10-700-premium\/#breadcrumb\",\"itemListElement\":[{\"@type\":\"ListItem\",\"position\":1,\"name\":\"Portada\",\"item\":\"https:\/\/hidro-truck.com\/web\/\"},{\"@type\":\"ListItem\",\"position\":2,\"name\":\"Trabajos\",\"item\":\"https:\/\/hidro-truck.com\/web\/trabajos\/\"},{\"@type\":\"ListItem\",\"position\":3,\"name\":\"Corral\u00f3n Todo Ladrillos ya trabaja con su TKA 10.700 Premium\"}]},{\"@type\":\"WebSite\",\"@id\":\"https:\/\/hidro-truck.com\/web\/#website\",\"url\":\"https:\/\/hidro-truck.com\/web\/\",\"name\":\"HidroTruck SRL\",\"description\":\"Venta de Hidrogruas TKA. Reparaci\u00f3n y mantenimiento\",\"potentialAction\":[{\"@type\":\"SearchAction\",\"target\":{\"@type\":\"EntryPoint\",\"urlTemplate\":\"https:\/\/hidro-truck.com\/web\/?s={search_term_string}\"},\"query-input\":\"required name=search_term_string\"}],\"inLanguage\":\"es\"}]}<\/script>\n<!-- \/ Yoast SEO plugin. -->","yoast_head_json":{"title":"Corral\u00f3n Todo Ladrillos ya trabaja con su TKA 10.700 Premium - HidroTruck SRL","robots":{"index":"index","follow":"follow","max-snippet":"max-snippet:-1","max-image-preview":"max-image-preview:large","max-video-preview":"max-video-preview:-1"},"canonical":"https:\/\/hidro-truck.com\/web\/trabajos\/corralon-ladrillos-ya-trabaja-tka-10-700-premium\/","og_locale":"es_ES","og_type":"article","og_title":"Corral\u00f3n Todo Ladrillos ya trabaja con su TKA 10.700 Premium - HidroTruck SRL","og_description":"El sector de los Corralones de materiales de construcci\u00f3n no para de adquirir\u00a0Hidrogruas TKA. La firma\u00a0Todo Ladrillos, oriunda de la localiad bonaerense de\u00a0Luj\u00e1n, ya tiene operativa su\u00a0modelo 10.700 Premium\u00a0en formato Canivete y configuraci\u00f3n 2H 1M. Se trata de un equipo de batalla ideal para el trabajo corralonero: \u00e1gil y resistente a los movimientos de bolsas","og_url":"https:\/\/hidro-truck.com\/web\/trabajos\/corralon-ladrillos-ya-trabaja-tka-10-700-premium\/","og_site_name":"HidroTruck SRL","og_image":[{"width":1024,"height":768,"url":"https:\/\/hidro-truck.com\/web\/wp-content\/uploads\/2021\/05\/WhatsApp-Image-2021-02-22-at-2.30.55-PM-1.jpeg","type":"image\/jpeg"}],"twitter_card":"summary_large_image","twitter_misc":{"Tiempo de lectura":"1 minuto"},"schema":{"@context":"https:\/\/schema.org","@graph":[{"@type":"WebPage","@id":"https:\/\/hidro-truck.com\/web\/trabajos\/corralon-ladrillos-ya-trabaja-tka-10-700-premium\/","url":"https:\/\/hidro-truck.com\/web\/trabajos\/corralon-ladrillos-ya-trabaja-tka-10-700-premium\/","name":"Corral\u00f3n Todo Ladrillos ya trabaja con su TKA 10.700 Premium - HidroTruck SRL","isPartOf":{"@id":"https:\/\/hidro-truck.com\/web\/#website"},"datePublished":"2021-05-06T18:54:03+00:00","dateModified":"2021-05-06T18:54:03+00:00","breadcrumb":{"@id":"https:\/\/hidro-truck.com\/web\/trabajos\/corralon-ladrillos-ya-trabaja-tka-10-700-premium\/#breadcrumb"},"inLanguage":"es","potentialAction":[{"@type":"ReadAction","target":["https:\/\/hidro-truck.com\/web\/trabajos\/corralon-ladrillos-ya-trabaja-tka-10-700-premium\/"]}]},{"@type":"BreadcrumbList","@id":"https:\/\/hidro-truck.com\/web\/trabajos\/corralon-ladrillos-ya-trabaja-tka-10-700-premium\/#breadcrumb","itemListElement":[{"@type":"ListItem","position":1,"name":"Portada","item":"https:\/\/hidro-truck.com\/web\/"},{"@type":"ListItem","position":2,"name":"Trabajos","item":"https:\/\/hidro-truck.com\/web\/trabajos\/"},{"@type":"ListItem","position":3,"name":"Corral\u00f3n Todo Ladrillos ya trabaja con su TKA 10.700 Premium"}]},{"@type":"WebSite","@id":"https:\/\/hidro-truck.com\/web\/#website","url":"https:\/\/hidro-truck.com\/web\/","name":"HidroTruck SRL","description":"Venta de Hidrogruas TKA. Reparaci\u00f3n y mantenimiento","potentialAction":[{"@type":"SearchAction","target":{"@type":"EntryPoint","urlTemplate":"https:\/\/hidro-truck.com\/web\/?s={search_term_string}"},"query-input":"required name=search_term_string"}],"inLanguage":"es"}]}},"_links":{"self":[{"href":"https:\/\/hidro-truck.com\/web\/wp-json\/wp\/v2\/pages\/1657"}],"collection":[{"href":"https:\/\/hidro-truck.com\/web\/wp-json\/wp\/v2\/pages"}],"about":[{"href":"https:\/\/hidro-truck.com\/web\/wp-json\/wp\/v2\/types\/page"}],"author":[{"embeddable":true,"href":"https:\/\/hidro-truck.com\/web\/wp-json\/wp\/v2\/users\/1"}],"replies":[{"embeddable":true,"href":"https:\/\/hidro-truck.com\/web\/wp-json\/wp\/v2\/comments?post=1657"}],"version-history":[{"count":1,"href":"https:\/\/hidro-truck.com\/web\/wp-json\/wp\/v2\/pages\/1657\/revisions"}],"predecessor-version":[{"id":1661,"href":"https:\/\/hidro-truck.com\/web\/wp-json\/wp\/v2\/pages\/1657\/revisions\/1661"}],"up":[{"embeddable":true,"href":"https:\/\/hidro-truck.com\/web\/wp-json\/wp\/v2\/pages\/23"}],"wp:featuredmedia":[{"embeddable":true,"href":"https:\/\/hidro-truck.com\/web\/wp-json\/wp\/v2\/media\/1659"}],"wp:attachment":[{"href":"https:\/\/hidro-truck.com\/web\/wp-json\/wp\/v2\/media?parent=1657"}],"curies":[{"name":"wp","href":"https:\/\/api.w.org\/{rel}","templated":true}]}}