{"id":1713,"date":"2021-07-07T14:35:56","date_gmt":"2021-07-07T14:35:56","guid":{"rendered":"https:\/\/hidro-truck.com\/web\/?page_id=1713"},"modified":"2021-07-07T17:41:52","modified_gmt":"2021-07-07T17:41:52","slug":"tka-6-700-c-fe-publicidad-sa","status":"publish","type":"page","link":"https:\/\/hidro-truck.com\/web\/trabajos\/tka-6-700-c-fe-publicidad-sa\/","title":{"rendered":"TKA 6.700 C para Fe Publicidad SA"},"content":{"rendered":"<p>La empresa de publicidad integral\u00a0<strong>Fe Publicidad SA<\/strong>\u00a0adquiri\u00f3 una\u00a0<strong>Hidrogr\u00faa TKA modelo 6.700 EX en formato Canivete y configuraci\u00f3n 3H 1M<\/strong>.<\/p>\n<p>La TKA 6.700 fue montada en un cami\u00f3n Mercedes Benz Accelo 815.<\/p>\n<p><img decoding=\"async\" loading=\"lazy\" class=\"alignnone size-large wp-image-1715\" src=\"https:\/\/hidro-truck.com\/web\/wp-content\/uploads\/2021\/07\/hidro-track-fe-hidrogrua2-1024x768.jpeg\" alt=\"hidro-track-fe-hidrogrua2\" width=\"550\" height=\"413\" srcset=\"https:\/\/hidro-truck.com\/web\/wp-content\/uploads\/2021\/07\/hidro-track-fe-hidrogrua2-1024x768.jpeg 1024w, https:\/\/hidro-truck.com\/web\/wp-content\/uploads\/2021\/07\/hidro-track-fe-hidrogrua2-300x225.jpeg 300w, https:\/\/hidro-truck.com\/web\/wp-content\/uploads\/2021\/07\/hidro-track-fe-hidrogrua2-768x576.jpeg 768w, https:\/\/hidro-truck.com\/web\/wp-content\/uploads\/2021\/07\/hidro-track-fe-hidrogrua2.jpeg 1280w\" sizes=\"(max-width: 550px) 100vw, 550px\" \/><\/p>\n<p>La gesti\u00f3n comercial del negocio, como tambi\u00e9n la instalaci\u00f3n de la hidrogr\u00faa en el veh\u00edculo, corri\u00f3 por cuenta de nuestra empresa,\u00a0<strong>Hidro-Truck<\/strong>, representante oficial de TKA en CABA y Gran Buenos Aires.<\/p>\n<p>Localizados en Pablo Podest\u00e1, partido de Tres de Febrero (provincia de Bs As.), FE Publicidad se dedica a brindar un servicio integral publicitario que incluye Planificaci\u00f3n, Dise\u00f1o Gr\u00e1fico, Impresi\u00f3n digital, Construcci\u00f3n, Montaje y Log\u00edstica. Un rubro en el cual TKA incorpora un equipo demostrando la versatilidad de usos que poseen las hidrogr\u00faas.<\/p>\n<!-- AddThis Advanced Settings generic via filter on the_content --><!-- AddThis Share Buttons generic via filter on the_content -->","protected":false},"excerpt":{"rendered":"<p>La empresa de publicidad integral\u00a0Fe Publicidad SA\u00a0adquiri\u00f3 una\u00a0Hidrogr\u00faa TKA modelo 6.700 EX en formato Canivete y configuraci\u00f3n 3H 1M. La TKA 6.700 fue montada en un cami\u00f3n Mercedes Benz Accelo 815. La gesti\u00f3n comercial del negocio, como tambi\u00e9n la instalaci\u00f3n de la hidrogr\u00faa en el veh\u00edculo, corri\u00f3 por cuenta de nuestra empresa,\u00a0Hidro-Truck, representante oficial de<!-- AddThis Advanced Settings generic via filter on get_the_excerpt --><!-- AddThis Share Buttons generic via filter on get_the_excerpt --><\/p>\n","protected":false},"author":1,"featured_media":1716,"parent":23,"menu_order":0,"comment_status":"closed","ping_status":"closed","template":"","meta":[],"yoast_head":"<!-- This site is optimized with the Yoast SEO plugin v21.0 - https:\/\/yoast.com\/wordpress\/plugins\/seo\/ -->\n<title>TKA 6.700 C para Fe Publicidad SA - HidroTruck SRL<\/title>\n<meta name=\"robots\" content=\"index, follow, max-snippet:-1, max-image-preview:large, max-video-preview:-1\" \/>\n<link rel=\"canonical\" href=\"https:\/\/hidro-truck.com\/web\/trabajos\/tka-6-700-c-fe-publicidad-sa\/\" \/>\n<meta property=\"og:locale\" content=\"es_ES\" \/>\n<meta property=\"og:type\" content=\"article\" \/>\n<meta property=\"og:title\" content=\"TKA 6.700 C para Fe Publicidad SA - HidroTruck SRL\" \/>\n<meta property=\"og:description\" content=\"La empresa de publicidad integral\u00a0Fe Publicidad SA\u00a0adquiri\u00f3 una\u00a0Hidrogr\u00faa TKA modelo 6.700 EX en formato Canivete y configuraci\u00f3n 3H 1M. La TKA 6.700 fue montada en un cami\u00f3n Mercedes Benz Accelo 815. La gesti\u00f3n comercial del negocio, como tambi\u00e9n la instalaci\u00f3n de la hidrogr\u00faa en el veh\u00edculo, corri\u00f3 por cuenta de nuestra empresa,\u00a0Hidro-Truck, representante oficial de\" \/>\n<meta property=\"og:url\" content=\"https:\/\/hidro-truck.com\/web\/trabajos\/tka-6-700-c-fe-publicidad-sa\/\" \/>\n<meta property=\"og:site_name\" content=\"HidroTruck SRL\" \/>\n<meta property=\"article:modified_time\" content=\"2021-07-07T17:41:52+00:00\" \/>\n<meta property=\"og:image\" content=\"https:\/\/hidro-truck.com\/web\/wp-content\/uploads\/2021\/07\/hidro-track-fe-hidrogrua3.jpeg\" \/>\n\t<meta property=\"og:image:width\" content=\"1280\" \/>\n\t<meta property=\"og:image:height\" content=\"960\" \/>\n\t<meta property=\"og:image:type\" content=\"image\/jpeg\" \/>\n<meta name=\"twitter:card\" content=\"summary_large_image\" \/>\n<meta name=\"twitter:label1\" content=\"Tiempo de lectura\" \/>\n\t<meta name=\"twitter:data1\" content=\"1 minuto\" \/>\n<script type=\"application\/ld+json\" class=\"yoast-schema-graph\">{\"@context\":\"https:\/\/schema.org\",\"@graph\":[{\"@type\":\"WebPage\",\"@id\":\"https:\/\/hidro-truck.com\/web\/trabajos\/tka-6-700-c-fe-publicidad-sa\/\",\"url\":\"https:\/\/hidro-truck.com\/web\/trabajos\/tka-6-700-c-fe-publicidad-sa\/\",\"name\":\"TKA 6.700 C para Fe Publicidad SA - HidroTruck SRL\",\"isPartOf\":{\"@id\":\"https:\/\/hidro-truck.com\/web\/#website\"},\"datePublished\":\"2021-07-07T14:35:56+00:00\",\"dateModified\":\"2021-07-07T17:41:52+00:00\",\"breadcrumb\":{\"@id\":\"https:\/\/hidro-truck.com\/web\/trabajos\/tka-6-700-c-fe-publicidad-sa\/#breadcrumb\"},\"inLanguage\":\"es\",\"potentialAction\":[{\"@type\":\"ReadAction\",\"target\":[\"https:\/\/hidro-truck.com\/web\/trabajos\/tka-6-700-c-fe-publicidad-sa\/\"]}]},{\"@type\":\"BreadcrumbList\",\"@id\":\"https:\/\/hidro-truck.com\/web\/trabajos\/tka-6-700-c-fe-publicidad-sa\/#breadcrumb\",\"itemListElement\":[{\"@type\":\"ListItem\",\"position\":1,\"name\":\"Portada\",\"item\":\"https:\/\/hidro-truck.com\/web\/\"},{\"@type\":\"ListItem\",\"position\":2,\"name\":\"Trabajos\",\"item\":\"https:\/\/hidro-truck.com\/web\/trabajos\/\"},{\"@type\":\"ListItem\",\"position\":3,\"name\":\"TKA 6.700 C para Fe Publicidad SA\"}]},{\"@type\":\"WebSite\",\"@id\":\"https:\/\/hidro-truck.com\/web\/#website\",\"url\":\"https:\/\/hidro-truck.com\/web\/\",\"name\":\"HidroTruck SRL\",\"description\":\"Venta de Hidrogruas TKA. Reparaci\u00f3n y mantenimiento\",\"potentialAction\":[{\"@type\":\"SearchAction\",\"target\":{\"@type\":\"EntryPoint\",\"urlTemplate\":\"https:\/\/hidro-truck.com\/web\/?s={search_term_string}\"},\"query-input\":\"required name=search_term_string\"}],\"inLanguage\":\"es\"}]}<\/script>\n<!-- \/ Yoast SEO plugin. -->","yoast_head_json":{"title":"TKA 6.700 C para Fe Publicidad SA - HidroTruck SRL","robots":{"index":"index","follow":"follow","max-snippet":"max-snippet:-1","max-image-preview":"max-image-preview:large","max-video-preview":"max-video-preview:-1"},"canonical":"https:\/\/hidro-truck.com\/web\/trabajos\/tka-6-700-c-fe-publicidad-sa\/","og_locale":"es_ES","og_type":"article","og_title":"TKA 6.700 C para Fe Publicidad SA - HidroTruck SRL","og_description":"La empresa de publicidad integral\u00a0Fe Publicidad SA\u00a0adquiri\u00f3 una\u00a0Hidrogr\u00faa TKA modelo 6.700 EX en formato Canivete y configuraci\u00f3n 3H 1M. La TKA 6.700 fue montada en un cami\u00f3n Mercedes Benz Accelo 815. La gesti\u00f3n comercial del negocio, como tambi\u00e9n la instalaci\u00f3n de la hidrogr\u00faa en el veh\u00edculo, corri\u00f3 por cuenta de nuestra empresa,\u00a0Hidro-Truck, representante oficial de","og_url":"https:\/\/hidro-truck.com\/web\/trabajos\/tka-6-700-c-fe-publicidad-sa\/","og_site_name":"HidroTruck SRL","article_modified_time":"2021-07-07T17:41:52+00:00","og_image":[{"width":1280,"height":960,"url":"https:\/\/hidro-truck.com\/web\/wp-content\/uploads\/2021\/07\/hidro-track-fe-hidrogrua3.jpeg","type":"image\/jpeg"}],"twitter_card":"summary_large_image","twitter_misc":{"Tiempo de lectura":"1 minuto"},"schema":{"@context":"https:\/\/schema.org","@graph":[{"@type":"WebPage","@id":"https:\/\/hidro-truck.com\/web\/trabajos\/tka-6-700-c-fe-publicidad-sa\/","url":"https:\/\/hidro-truck.com\/web\/trabajos\/tka-6-700-c-fe-publicidad-sa\/","name":"TKA 6.700 C para Fe Publicidad SA - HidroTruck SRL","isPartOf":{"@id":"https:\/\/hidro-truck.com\/web\/#website"},"datePublished":"2021-07-07T14:35:56+00:00","dateModified":"2021-07-07T17:41:52+00:00","breadcrumb":{"@id":"https:\/\/hidro-truck.com\/web\/trabajos\/tka-6-700-c-fe-publicidad-sa\/#breadcrumb"},"inLanguage":"es","potentialAction":[{"@type":"ReadAction","target":["https:\/\/hidro-truck.com\/web\/trabajos\/tka-6-700-c-fe-publicidad-sa\/"]}]},{"@type":"BreadcrumbList","@id":"https:\/\/hidro-truck.com\/web\/trabajos\/tka-6-700-c-fe-publicidad-sa\/#breadcrumb","itemListElement":[{"@type":"ListItem","position":1,"name":"Portada","item":"https:\/\/hidro-truck.com\/web\/"},{"@type":"ListItem","position":2,"name":"Trabajos","item":"https:\/\/hidro-truck.com\/web\/trabajos\/"},{"@type":"ListItem","position":3,"name":"TKA 6.700 C para Fe Publicidad SA"}]},{"@type":"WebSite","@id":"https:\/\/hidro-truck.com\/web\/#website","url":"https:\/\/hidro-truck.com\/web\/","name":"HidroTruck SRL","description":"Venta de Hidrogruas TKA. Reparaci\u00f3n y mantenimiento","potentialAction":[{"@type":"SearchAction","target":{"@type":"EntryPoint","urlTemplate":"https:\/\/hidro-truck.com\/web\/?s={search_term_string}"},"query-input":"required name=search_term_string"}],"inLanguage":"es"}]}},"_links":{"self":[{"href":"https:\/\/hidro-truck.com\/web\/wp-json\/wp\/v2\/pages\/1713"}],"collection":[{"href":"https:\/\/hidro-truck.com\/web\/wp-json\/wp\/v2\/pages"}],"about":[{"href":"https:\/\/hidro-truck.com\/web\/wp-json\/wp\/v2\/types\/page"}],"author":[{"embeddable":true,"href":"https:\/\/hidro-truck.com\/web\/wp-json\/wp\/v2\/users\/1"}],"replies":[{"embeddable":true,"href":"https:\/\/hidro-truck.com\/web\/wp-json\/wp\/v2\/comments?post=1713"}],"version-history":[{"count":1,"href":"https:\/\/hidro-truck.com\/web\/wp-json\/wp\/v2\/pages\/1713\/revisions"}],"predecessor-version":[{"id":1717,"href":"https:\/\/hidro-truck.com\/web\/wp-json\/wp\/v2\/pages\/1713\/revisions\/1717"}],"up":[{"embeddable":true,"href":"https:\/\/hidro-truck.com\/web\/wp-json\/wp\/v2\/pages\/23"}],"wp:featuredmedia":[{"embeddable":true,"href":"https:\/\/hidro-truck.com\/web\/wp-json\/wp\/v2\/media\/1716"}],"wp:attachment":[{"href":"https:\/\/hidro-truck.com\/web\/wp-json\/wp\/v2\/media?parent=1713"}],"curies":[{"name":"wp","href":"https:\/\/api.w.org\/{rel}","templated":true}]}}