{"id":1766,"date":"2021-09-09T19:01:59","date_gmt":"2021-09-09T19:01:59","guid":{"rendered":"https:\/\/hidro-truck.com\/web\/?page_id=1766"},"modified":"2021-09-09T19:01:59","modified_gmt":"2021-09-09T19:01:59","slug":"beiro-materiales-tka-6-700-ex","status":"publish","type":"page","link":"https:\/\/hidro-truck.com\/web\/trabajos\/beiro-materiales-tka-6-700-ex\/","title":{"rendered":"Beiro Materiales y su TKA 6.700 EX"},"content":{"rendered":"<p><strong>Beiro Materiales y Pintura<\/strong>, firma radicada en la Ciudad Aut\u00f3noma de Buenos Aires (CABA), ya cuenta con un equipo\u00a0<strong>TKA modelo 6.700 EX<\/strong>\u00a0con patr\u00f3n de cierre Canivete y configuraci\u00f3n 3H 0M.<\/p>\n<p><img decoding=\"async\" loading=\"lazy\" class=\"alignnone wp-image-1768 size-large\" src=\"https:\/\/hidro-truck.com\/web\/wp-content\/uploads\/2021\/09\/WhatsApp-Image-2021-07-27-at-10.28.39-AM-1024x768.jpeg\" alt=\"WhatsApp-Image-2021-07-27-at-10.28.39-AM\" width=\"550\" height=\"413\" srcset=\"https:\/\/hidro-truck.com\/web\/wp-content\/uploads\/2021\/09\/WhatsApp-Image-2021-07-27-at-10.28.39-AM.jpeg 1024w, https:\/\/hidro-truck.com\/web\/wp-content\/uploads\/2021\/09\/WhatsApp-Image-2021-07-27-at-10.28.39-AM-300x225.jpeg 300w, https:\/\/hidro-truck.com\/web\/wp-content\/uploads\/2021\/09\/WhatsApp-Image-2021-07-27-at-10.28.39-AM-768x576.jpeg 768w\" sizes=\"(max-width: 550px) 100vw, 550px\" \/><\/p>\n<p>La hidrogr\u00faa fue montada sobre un cami\u00f3n Ford 712 en nuestros talleres.<\/p>\n<p><img decoding=\"async\" loading=\"lazy\" class=\"alignnone wp-image-1769 size-large\" src=\"https:\/\/hidro-truck.com\/web\/wp-content\/uploads\/2021\/09\/WhatsApp-Image-2021-07-27-at-10.28.38-AM-1024x576.jpeg\" alt=\"WhatsApp-Image-2021-07-27-at-10.28.38-AM\" width=\"550\" height=\"309\" srcset=\"https:\/\/hidro-truck.com\/web\/wp-content\/uploads\/2021\/09\/WhatsApp-Image-2021-07-27-at-10.28.38-AM.jpeg 1024w, https:\/\/hidro-truck.com\/web\/wp-content\/uploads\/2021\/09\/WhatsApp-Image-2021-07-27-at-10.28.38-AM-300x169.jpeg 300w, https:\/\/hidro-truck.com\/web\/wp-content\/uploads\/2021\/09\/WhatsApp-Image-2021-07-27-at-10.28.38-AM-768x432.jpeg 768w\" sizes=\"(max-width: 550px) 100vw, 550px\" \/><\/p>\n<p>La hidrogr\u00faa 6.700 EX 3H 0M permite levantar 1.540 Kg al pie del cami\u00f3n y presenta un alcance m\u00e1ximo vertical de 12 Metros y Horizontal de 9 Metros.<\/p>\n<p>&nbsp;<\/p>\n<!-- AddThis Advanced Settings generic via filter on the_content --><!-- AddThis Share Buttons generic via filter on the_content -->","protected":false},"excerpt":{"rendered":"<p>Beiro Materiales y Pintura, firma radicada en la Ciudad Aut\u00f3noma de Buenos Aires (CABA), ya cuenta con un equipo\u00a0TKA modelo 6.700 EX\u00a0con patr\u00f3n de cierre Canivete y configuraci\u00f3n 3H 0M. La hidrogr\u00faa fue montada sobre un cami\u00f3n Ford 712 en nuestros talleres. La hidrogr\u00faa 6.700 EX 3H 0M permite levantar 1.540 Kg al pie del<!-- AddThis Advanced Settings generic via filter on get_the_excerpt --><!-- AddThis Share Buttons generic via filter on get_the_excerpt --><\/p>\n","protected":false},"author":1,"featured_media":1767,"parent":23,"menu_order":0,"comment_status":"closed","ping_status":"closed","template":"","meta":[],"yoast_head":"<!-- This site is optimized with the Yoast SEO plugin v21.0 - https:\/\/yoast.com\/wordpress\/plugins\/seo\/ -->\n<title>Beiro Materiales y su TKA 6.700 EX - HidroTruck SRL<\/title>\n<meta name=\"robots\" content=\"index, follow, max-snippet:-1, max-image-preview:large, max-video-preview:-1\" \/>\n<link rel=\"canonical\" href=\"https:\/\/hidro-truck.com\/web\/trabajos\/beiro-materiales-tka-6-700-ex\/\" \/>\n<meta property=\"og:locale\" content=\"es_ES\" \/>\n<meta property=\"og:type\" content=\"article\" \/>\n<meta property=\"og:title\" content=\"Beiro Materiales y su TKA 6.700 EX - HidroTruck SRL\" \/>\n<meta property=\"og:description\" content=\"Beiro Materiales y Pintura, firma radicada en la Ciudad Aut\u00f3noma de Buenos Aires (CABA), ya cuenta con un equipo\u00a0TKA modelo 6.700 EX\u00a0con patr\u00f3n de cierre Canivete y configuraci\u00f3n 3H 0M. La hidrogr\u00faa fue montada sobre un cami\u00f3n Ford 712 en nuestros talleres. La hidrogr\u00faa 6.700 EX 3H 0M permite levantar 1.540 Kg al pie del\" \/>\n<meta property=\"og:url\" content=\"https:\/\/hidro-truck.com\/web\/trabajos\/beiro-materiales-tka-6-700-ex\/\" \/>\n<meta property=\"og:site_name\" content=\"HidroTruck SRL\" \/>\n<meta property=\"og:image\" content=\"https:\/\/hidro-truck.com\/web\/wp-content\/uploads\/2021\/09\/WhatsApp-Image-2021-07-27-at-10.28.37-AM-1024x600.jpeg\" \/>\n\t<meta property=\"og:image:width\" content=\"1024\" \/>\n\t<meta property=\"og:image:height\" content=\"600\" \/>\n\t<meta property=\"og:image:type\" content=\"image\/jpeg\" \/>\n<meta name=\"twitter:card\" content=\"summary_large_image\" \/>\n<script type=\"application\/ld+json\" class=\"yoast-schema-graph\">{\"@context\":\"https:\/\/schema.org\",\"@graph\":[{\"@type\":\"WebPage\",\"@id\":\"https:\/\/hidro-truck.com\/web\/trabajos\/beiro-materiales-tka-6-700-ex\/\",\"url\":\"https:\/\/hidro-truck.com\/web\/trabajos\/beiro-materiales-tka-6-700-ex\/\",\"name\":\"Beiro Materiales y su TKA 6.700 EX - HidroTruck SRL\",\"isPartOf\":{\"@id\":\"https:\/\/hidro-truck.com\/web\/#website\"},\"datePublished\":\"2021-09-09T19:01:59+00:00\",\"dateModified\":\"2021-09-09T19:01:59+00:00\",\"breadcrumb\":{\"@id\":\"https:\/\/hidro-truck.com\/web\/trabajos\/beiro-materiales-tka-6-700-ex\/#breadcrumb\"},\"inLanguage\":\"es\",\"potentialAction\":[{\"@type\":\"ReadAction\",\"target\":[\"https:\/\/hidro-truck.com\/web\/trabajos\/beiro-materiales-tka-6-700-ex\/\"]}]},{\"@type\":\"BreadcrumbList\",\"@id\":\"https:\/\/hidro-truck.com\/web\/trabajos\/beiro-materiales-tka-6-700-ex\/#breadcrumb\",\"itemListElement\":[{\"@type\":\"ListItem\",\"position\":1,\"name\":\"Portada\",\"item\":\"https:\/\/hidro-truck.com\/web\/\"},{\"@type\":\"ListItem\",\"position\":2,\"name\":\"Trabajos\",\"item\":\"https:\/\/hidro-truck.com\/web\/trabajos\/\"},{\"@type\":\"ListItem\",\"position\":3,\"name\":\"Beiro Materiales y su TKA 6.700 EX\"}]},{\"@type\":\"WebSite\",\"@id\":\"https:\/\/hidro-truck.com\/web\/#website\",\"url\":\"https:\/\/hidro-truck.com\/web\/\",\"name\":\"HidroTruck SRL\",\"description\":\"Venta de Hidrogruas TKA. Reparaci\u00f3n y mantenimiento\",\"potentialAction\":[{\"@type\":\"SearchAction\",\"target\":{\"@type\":\"EntryPoint\",\"urlTemplate\":\"https:\/\/hidro-truck.com\/web\/?s={search_term_string}\"},\"query-input\":\"required name=search_term_string\"}],\"inLanguage\":\"es\"}]}<\/script>\n<!-- \/ Yoast SEO plugin. -->","yoast_head_json":{"title":"Beiro Materiales y su TKA 6.700 EX - HidroTruck SRL","robots":{"index":"index","follow":"follow","max-snippet":"max-snippet:-1","max-image-preview":"max-image-preview:large","max-video-preview":"max-video-preview:-1"},"canonical":"https:\/\/hidro-truck.com\/web\/trabajos\/beiro-materiales-tka-6-700-ex\/","og_locale":"es_ES","og_type":"article","og_title":"Beiro Materiales y su TKA 6.700 EX - HidroTruck SRL","og_description":"Beiro Materiales y Pintura, firma radicada en la Ciudad Aut\u00f3noma de Buenos Aires (CABA), ya cuenta con un equipo\u00a0TKA modelo 6.700 EX\u00a0con patr\u00f3n de cierre Canivete y configuraci\u00f3n 3H 0M. La hidrogr\u00faa fue montada sobre un cami\u00f3n Ford 712 en nuestros talleres. La hidrogr\u00faa 6.700 EX 3H 0M permite levantar 1.540 Kg al pie del","og_url":"https:\/\/hidro-truck.com\/web\/trabajos\/beiro-materiales-tka-6-700-ex\/","og_site_name":"HidroTruck SRL","og_image":[{"width":1024,"height":600,"url":"https:\/\/hidro-truck.com\/web\/wp-content\/uploads\/2021\/09\/WhatsApp-Image-2021-07-27-at-10.28.37-AM-1024x600.jpeg","type":"image\/jpeg"}],"twitter_card":"summary_large_image","schema":{"@context":"https:\/\/schema.org","@graph":[{"@type":"WebPage","@id":"https:\/\/hidro-truck.com\/web\/trabajos\/beiro-materiales-tka-6-700-ex\/","url":"https:\/\/hidro-truck.com\/web\/trabajos\/beiro-materiales-tka-6-700-ex\/","name":"Beiro Materiales y su TKA 6.700 EX - HidroTruck SRL","isPartOf":{"@id":"https:\/\/hidro-truck.com\/web\/#website"},"datePublished":"2021-09-09T19:01:59+00:00","dateModified":"2021-09-09T19:01:59+00:00","breadcrumb":{"@id":"https:\/\/hidro-truck.com\/web\/trabajos\/beiro-materiales-tka-6-700-ex\/#breadcrumb"},"inLanguage":"es","potentialAction":[{"@type":"ReadAction","target":["https:\/\/hidro-truck.com\/web\/trabajos\/beiro-materiales-tka-6-700-ex\/"]}]},{"@type":"BreadcrumbList","@id":"https:\/\/hidro-truck.com\/web\/trabajos\/beiro-materiales-tka-6-700-ex\/#breadcrumb","itemListElement":[{"@type":"ListItem","position":1,"name":"Portada","item":"https:\/\/hidro-truck.com\/web\/"},{"@type":"ListItem","position":2,"name":"Trabajos","item":"https:\/\/hidro-truck.com\/web\/trabajos\/"},{"@type":"ListItem","position":3,"name":"Beiro Materiales y su TKA 6.700 EX"}]},{"@type":"WebSite","@id":"https:\/\/hidro-truck.com\/web\/#website","url":"https:\/\/hidro-truck.com\/web\/","name":"HidroTruck SRL","description":"Venta de Hidrogruas TKA. Reparaci\u00f3n y mantenimiento","potentialAction":[{"@type":"SearchAction","target":{"@type":"EntryPoint","urlTemplate":"https:\/\/hidro-truck.com\/web\/?s={search_term_string}"},"query-input":"required name=search_term_string"}],"inLanguage":"es"}]}},"_links":{"self":[{"href":"https:\/\/hidro-truck.com\/web\/wp-json\/wp\/v2\/pages\/1766"}],"collection":[{"href":"https:\/\/hidro-truck.com\/web\/wp-json\/wp\/v2\/pages"}],"about":[{"href":"https:\/\/hidro-truck.com\/web\/wp-json\/wp\/v2\/types\/page"}],"author":[{"embeddable":true,"href":"https:\/\/hidro-truck.com\/web\/wp-json\/wp\/v2\/users\/1"}],"replies":[{"embeddable":true,"href":"https:\/\/hidro-truck.com\/web\/wp-json\/wp\/v2\/comments?post=1766"}],"version-history":[{"count":2,"href":"https:\/\/hidro-truck.com\/web\/wp-json\/wp\/v2\/pages\/1766\/revisions"}],"predecessor-version":[{"id":1771,"href":"https:\/\/hidro-truck.com\/web\/wp-json\/wp\/v2\/pages\/1766\/revisions\/1771"}],"up":[{"embeddable":true,"href":"https:\/\/hidro-truck.com\/web\/wp-json\/wp\/v2\/pages\/23"}],"wp:featuredmedia":[{"embeddable":true,"href":"https:\/\/hidro-truck.com\/web\/wp-json\/wp\/v2\/media\/1767"}],"wp:attachment":[{"href":"https:\/\/hidro-truck.com\/web\/wp-json\/wp\/v2\/media?parent=1766"}],"curies":[{"name":"wp","href":"https:\/\/api.w.org\/{rel}","templated":true}]}}