{"id":714,"date":"2017-01-03T18:40:54","date_gmt":"2017-01-03T18:40:54","guid":{"rendered":"http:\/\/hidro-truck.com\/web\/?page_id=714"},"modified":"2017-01-04T15:45:47","modified_gmt":"2017-01-04T15:45:47","slug":"grua-12-700","status":"publish","type":"page","link":"https:\/\/hidro-truck.com\/web\/trabajos\/grua-12-700\/","title":{"rendered":"Instalaci\u00f3n de Gr\u00faa 12.700"},"content":{"rendered":"<p>Equipada con caja porta postes, ideal para empresas que trabajan en tendidos de Red tanto sea el\u00e9ctrica, como fibra \u00f3ptica o telefon\u00eda.<\/p>\n\n\t\t<style type=\"text\/css\">\n\t\t\t#gallery-1 {\n\t\t\t\tmargin: auto;\n\t\t\t}\n\t\t\t#gallery-1 .gallery-item {\n\t\t\t\tfloat: left;\n\t\t\t\tmargin-top: 10px;\n\t\t\t\ttext-align: center;\n\t\t\t\twidth: 50%;\n\t\t\t}\n\t\t\t#gallery-1 img {\n\t\t\t\tborder: 2px solid #cfcfcf;\n\t\t\t}\n\t\t\t#gallery-1 .gallery-caption {\n\t\t\t\tmargin-left: 0;\n\t\t\t}\n\t\t\t\/* see gallery_shortcode() in wp-includes\/media.php *\/\n\t\t<\/style>\n\t\t<div id='gallery-1' class='gallery galleryid-714 gallery-columns-2 gallery-size-medium'><dl class='gallery-item'>\n\t\t\t<dt class='gallery-icon landscape'>\n\t\t\t\t<a title=\"img-20161223-wa0004\" href='https:\/\/hidro-truck.com\/web\/wp-content\/uploads\/2017\/01\/IMG-20161223-WA0004.jpg'><img width=\"300\" height=\"225\" src=\"https:\/\/hidro-truck.com\/web\/wp-content\/uploads\/2017\/01\/IMG-20161223-WA0004-300x225.jpg\" class=\"attachment-medium size-medium\" alt=\"\" decoding=\"async\" loading=\"lazy\" srcset=\"https:\/\/hidro-truck.com\/web\/wp-content\/uploads\/2017\/01\/IMG-20161223-WA0004-300x225.jpg 300w, https:\/\/hidro-truck.com\/web\/wp-content\/uploads\/2017\/01\/IMG-20161223-WA0004-768x576.jpg 768w, https:\/\/hidro-truck.com\/web\/wp-content\/uploads\/2017\/01\/IMG-20161223-WA0004-1024x768.jpg 1024w, https:\/\/hidro-truck.com\/web\/wp-content\/uploads\/2017\/01\/IMG-20161223-WA0004.jpg 1280w\" sizes=\"(max-width: 300px) 100vw, 300px\" \/><\/a>\n\t\t\t<\/dt><\/dl><dl class='gallery-item'>\n\t\t\t<dt class='gallery-icon landscape'>\n\t\t\t\t<a title=\"img-20161223-wa0007\" href='https:\/\/hidro-truck.com\/web\/wp-content\/uploads\/2017\/01\/IMG-20161223-WA0007.jpg'><img width=\"300\" height=\"225\" src=\"https:\/\/hidro-truck.com\/web\/wp-content\/uploads\/2017\/01\/IMG-20161223-WA0007-300x225.jpg\" class=\"attachment-medium size-medium\" alt=\"\" decoding=\"async\" loading=\"lazy\" srcset=\"https:\/\/hidro-truck.com\/web\/wp-content\/uploads\/2017\/01\/IMG-20161223-WA0007-300x225.jpg 300w, https:\/\/hidro-truck.com\/web\/wp-content\/uploads\/2017\/01\/IMG-20161223-WA0007-768x576.jpg 768w, https:\/\/hidro-truck.com\/web\/wp-content\/uploads\/2017\/01\/IMG-20161223-WA0007-1024x768.jpg 1024w, https:\/\/hidro-truck.com\/web\/wp-content\/uploads\/2017\/01\/IMG-20161223-WA0007.jpg 1280w\" sizes=\"(max-width: 300px) 100vw, 300px\" \/><\/a>\n\t\t\t<\/dt><\/dl><br style=\"clear: both\" \/><dl class='gallery-item'>\n\t\t\t<dt class='gallery-icon landscape'>\n\t\t\t\t<a title=\"img-20161223-wa0006\" href='https:\/\/hidro-truck.com\/web\/wp-content\/uploads\/2017\/01\/IMG-20161223-WA0006.jpg'><img width=\"300\" height=\"225\" src=\"https:\/\/hidro-truck.com\/web\/wp-content\/uploads\/2017\/01\/IMG-20161223-WA0006-300x225.jpg\" class=\"attachment-medium size-medium\" alt=\"\" decoding=\"async\" loading=\"lazy\" srcset=\"https:\/\/hidro-truck.com\/web\/wp-content\/uploads\/2017\/01\/IMG-20161223-WA0006-300x225.jpg 300w, https:\/\/hidro-truck.com\/web\/wp-content\/uploads\/2017\/01\/IMG-20161223-WA0006-768x576.jpg 768w, https:\/\/hidro-truck.com\/web\/wp-content\/uploads\/2017\/01\/IMG-20161223-WA0006-1024x768.jpg 1024w, https:\/\/hidro-truck.com\/web\/wp-content\/uploads\/2017\/01\/IMG-20161223-WA0006.jpg 1280w\" sizes=\"(max-width: 300px) 100vw, 300px\" \/><\/a>\n\t\t\t<\/dt><\/dl><dl class='gallery-item'>\n\t\t\t<dt class='gallery-icon landscape'>\n\t\t\t\t<a title=\"img-20161223-wa0005\" href='https:\/\/hidro-truck.com\/web\/wp-content\/uploads\/2017\/01\/IMG-20161223-WA0005.jpg'><img width=\"300\" height=\"225\" src=\"https:\/\/hidro-truck.com\/web\/wp-content\/uploads\/2017\/01\/IMG-20161223-WA0005-300x225.jpg\" class=\"attachment-medium size-medium\" alt=\"\" decoding=\"async\" loading=\"lazy\" srcset=\"https:\/\/hidro-truck.com\/web\/wp-content\/uploads\/2017\/01\/IMG-20161223-WA0005-300x225.jpg 300w, https:\/\/hidro-truck.com\/web\/wp-content\/uploads\/2017\/01\/IMG-20161223-WA0005-768x576.jpg 768w, https:\/\/hidro-truck.com\/web\/wp-content\/uploads\/2017\/01\/IMG-20161223-WA0005-1024x768.jpg 1024w, https:\/\/hidro-truck.com\/web\/wp-content\/uploads\/2017\/01\/IMG-20161223-WA0005.jpg 1280w\" sizes=\"(max-width: 300px) 100vw, 300px\" \/><\/a>\n\t\t\t<\/dt><\/dl><br style=\"clear: both\" \/>\n\t\t<\/div>\n\n<p>&nbsp;<\/p>\n<p>&nbsp;<\/p>\n<!-- AddThis Advanced Settings generic via filter on the_content --><!-- AddThis Share Buttons generic via filter on the_content -->","protected":false},"excerpt":{"rendered":"<p>Equipada con caja porta postes, ideal para empresas que trabajan en tendidos de Red tanto sea el\u00e9ctrica, como fibra \u00f3ptica o telefon\u00eda. &nbsp; &nbsp;<!-- AddThis Advanced Settings generic via filter on get_the_excerpt --><!-- AddThis Share Buttons generic via filter on get_the_excerpt --><\/p>\n","protected":false},"author":1,"featured_media":715,"parent":23,"menu_order":0,"comment_status":"closed","ping_status":"closed","template":"","meta":[],"yoast_head":"<!-- This site is optimized with the Yoast SEO plugin v21.0 - https:\/\/yoast.com\/wordpress\/plugins\/seo\/ -->\n<title>Instalaci\u00f3n de Gr\u00faa 12.700 - HidroTruck SRL<\/title>\n<meta name=\"description\" content=\"Equipada con caja porta postes, ideal para empresas que trabajan en tendidos de Red tanto sea el\u00e9ctrica como, fibra \u00f3ptica o telefon\u00eda.\" \/>\n<meta name=\"robots\" content=\"index, follow, max-snippet:-1, max-image-preview:large, max-video-preview:-1\" \/>\n<link rel=\"canonical\" href=\"https:\/\/hidro-truck.com\/web\/trabajos\/grua-12-700\/\" \/>\n<meta property=\"og:locale\" content=\"es_ES\" \/>\n<meta property=\"og:type\" content=\"article\" \/>\n<meta property=\"og:title\" content=\"Instalaci\u00f3n de Gr\u00faa 12.700 - HidroTruck SRL\" \/>\n<meta property=\"og:description\" content=\"Equipada con caja porta postes, ideal para empresas que trabajan en tendidos de Red tanto sea el\u00e9ctrica como, fibra \u00f3ptica o telefon\u00eda.\" \/>\n<meta property=\"og:url\" content=\"https:\/\/hidro-truck.com\/web\/trabajos\/grua-12-700\/\" \/>\n<meta property=\"og:site_name\" content=\"HidroTruck SRL\" \/>\n<meta property=\"article:modified_time\" content=\"2017-01-04T15:45:47+00:00\" \/>\n<meta property=\"og:image\" content=\"https:\/\/hidro-truck.com\/web\/wp-content\/uploads\/2017\/01\/IMG-20161223-WA0008.jpg\" \/>\n\t<meta property=\"og:image:width\" content=\"1280\" \/>\n\t<meta property=\"og:image:height\" content=\"960\" \/>\n\t<meta property=\"og:image:type\" content=\"image\/jpeg\" \/>\n<meta name=\"twitter:card\" content=\"summary_large_image\" \/>\n<script type=\"application\/ld+json\" class=\"yoast-schema-graph\">{\"@context\":\"https:\/\/schema.org\",\"@graph\":[{\"@type\":\"WebPage\",\"@id\":\"https:\/\/hidro-truck.com\/web\/trabajos\/grua-12-700\/\",\"url\":\"https:\/\/hidro-truck.com\/web\/trabajos\/grua-12-700\/\",\"name\":\"Instalaci\u00f3n de Gr\u00faa 12.700 - HidroTruck SRL\",\"isPartOf\":{\"@id\":\"https:\/\/hidro-truck.com\/web\/#website\"},\"datePublished\":\"2017-01-03T18:40:54+00:00\",\"dateModified\":\"2017-01-04T15:45:47+00:00\",\"description\":\"Equipada con caja porta postes, ideal para empresas que trabajan en tendidos de Red tanto sea el\u00e9ctrica como, fibra \u00f3ptica o telefon\u00eda.\",\"breadcrumb\":{\"@id\":\"https:\/\/hidro-truck.com\/web\/trabajos\/grua-12-700\/#breadcrumb\"},\"inLanguage\":\"es\",\"potentialAction\":[{\"@type\":\"ReadAction\",\"target\":[\"https:\/\/hidro-truck.com\/web\/trabajos\/grua-12-700\/\"]}]},{\"@type\":\"BreadcrumbList\",\"@id\":\"https:\/\/hidro-truck.com\/web\/trabajos\/grua-12-700\/#breadcrumb\",\"itemListElement\":[{\"@type\":\"ListItem\",\"position\":1,\"name\":\"Portada\",\"item\":\"https:\/\/hidro-truck.com\/web\/\"},{\"@type\":\"ListItem\",\"position\":2,\"name\":\"Trabajos\",\"item\":\"https:\/\/hidro-truck.com\/web\/trabajos\/\"},{\"@type\":\"ListItem\",\"position\":3,\"name\":\"Instalaci\u00f3n de Gr\u00faa 12.700\"}]},{\"@type\":\"WebSite\",\"@id\":\"https:\/\/hidro-truck.com\/web\/#website\",\"url\":\"https:\/\/hidro-truck.com\/web\/\",\"name\":\"HidroTruck SRL\",\"description\":\"Venta de Hidrogruas TKA. Reparaci\u00f3n y mantenimiento\",\"potentialAction\":[{\"@type\":\"SearchAction\",\"target\":{\"@type\":\"EntryPoint\",\"urlTemplate\":\"https:\/\/hidro-truck.com\/web\/?s={search_term_string}\"},\"query-input\":\"required name=search_term_string\"}],\"inLanguage\":\"es\"}]}<\/script>\n<!-- \/ Yoast SEO plugin. -->","yoast_head_json":{"title":"Instalaci\u00f3n de Gr\u00faa 12.700 - HidroTruck SRL","description":"Equipada con caja porta postes, ideal para empresas que trabajan en tendidos de Red tanto sea el\u00e9ctrica como, fibra \u00f3ptica o telefon\u00eda.","robots":{"index":"index","follow":"follow","max-snippet":"max-snippet:-1","max-image-preview":"max-image-preview:large","max-video-preview":"max-video-preview:-1"},"canonical":"https:\/\/hidro-truck.com\/web\/trabajos\/grua-12-700\/","og_locale":"es_ES","og_type":"article","og_title":"Instalaci\u00f3n de Gr\u00faa 12.700 - HidroTruck SRL","og_description":"Equipada con caja porta postes, ideal para empresas que trabajan en tendidos de Red tanto sea el\u00e9ctrica como, fibra \u00f3ptica o telefon\u00eda.","og_url":"https:\/\/hidro-truck.com\/web\/trabajos\/grua-12-700\/","og_site_name":"HidroTruck SRL","article_modified_time":"2017-01-04T15:45:47+00:00","og_image":[{"width":1280,"height":960,"url":"https:\/\/hidro-truck.com\/web\/wp-content\/uploads\/2017\/01\/IMG-20161223-WA0008.jpg","type":"image\/jpeg"}],"twitter_card":"summary_large_image","schema":{"@context":"https:\/\/schema.org","@graph":[{"@type":"WebPage","@id":"https:\/\/hidro-truck.com\/web\/trabajos\/grua-12-700\/","url":"https:\/\/hidro-truck.com\/web\/trabajos\/grua-12-700\/","name":"Instalaci\u00f3n de Gr\u00faa 12.700 - HidroTruck SRL","isPartOf":{"@id":"https:\/\/hidro-truck.com\/web\/#website"},"datePublished":"2017-01-03T18:40:54+00:00","dateModified":"2017-01-04T15:45:47+00:00","description":"Equipada con caja porta postes, ideal para empresas que trabajan en tendidos de Red tanto sea el\u00e9ctrica como, fibra \u00f3ptica o telefon\u00eda.","breadcrumb":{"@id":"https:\/\/hidro-truck.com\/web\/trabajos\/grua-12-700\/#breadcrumb"},"inLanguage":"es","potentialAction":[{"@type":"ReadAction","target":["https:\/\/hidro-truck.com\/web\/trabajos\/grua-12-700\/"]}]},{"@type":"BreadcrumbList","@id":"https:\/\/hidro-truck.com\/web\/trabajos\/grua-12-700\/#breadcrumb","itemListElement":[{"@type":"ListItem","position":1,"name":"Portada","item":"https:\/\/hidro-truck.com\/web\/"},{"@type":"ListItem","position":2,"name":"Trabajos","item":"https:\/\/hidro-truck.com\/web\/trabajos\/"},{"@type":"ListItem","position":3,"name":"Instalaci\u00f3n de Gr\u00faa 12.700"}]},{"@type":"WebSite","@id":"https:\/\/hidro-truck.com\/web\/#website","url":"https:\/\/hidro-truck.com\/web\/","name":"HidroTruck SRL","description":"Venta de Hidrogruas TKA. Reparaci\u00f3n y mantenimiento","potentialAction":[{"@type":"SearchAction","target":{"@type":"EntryPoint","urlTemplate":"https:\/\/hidro-truck.com\/web\/?s={search_term_string}"},"query-input":"required name=search_term_string"}],"inLanguage":"es"}]}},"_links":{"self":[{"href":"https:\/\/hidro-truck.com\/web\/wp-json\/wp\/v2\/pages\/714"}],"collection":[{"href":"https:\/\/hidro-truck.com\/web\/wp-json\/wp\/v2\/pages"}],"about":[{"href":"https:\/\/hidro-truck.com\/web\/wp-json\/wp\/v2\/types\/page"}],"author":[{"embeddable":true,"href":"https:\/\/hidro-truck.com\/web\/wp-json\/wp\/v2\/users\/1"}],"replies":[{"embeddable":true,"href":"https:\/\/hidro-truck.com\/web\/wp-json\/wp\/v2\/comments?post=714"}],"version-history":[{"count":2,"href":"https:\/\/hidro-truck.com\/web\/wp-json\/wp\/v2\/pages\/714\/revisions"}],"predecessor-version":[{"id":722,"href":"https:\/\/hidro-truck.com\/web\/wp-json\/wp\/v2\/pages\/714\/revisions\/722"}],"up":[{"embeddable":true,"href":"https:\/\/hidro-truck.com\/web\/wp-json\/wp\/v2\/pages\/23"}],"wp:featuredmedia":[{"embeddable":true,"href":"https:\/\/hidro-truck.com\/web\/wp-json\/wp\/v2\/media\/715"}],"wp:attachment":[{"href":"https:\/\/hidro-truck.com\/web\/wp-json\/wp\/v2\/media?parent=714"}],"curies":[{"name":"wp","href":"https:\/\/api.w.org\/{rel}","templated":true}]}}