{"id":9,"date":"2016-07-31T18:55:58","date_gmt":"2016-07-31T18:55:58","guid":{"rendered":"http:\/\/hidro-truck.com\/web\/?page_id=9"},"modified":"2016-08-27T00:47:28","modified_gmt":"2016-08-27T00:47:28","slug":"reparacion-y-mantenimiento-de-hidrogruas","status":"publish","type":"page","link":"https:\/\/hidro-truck.com\/web\/servicios-en-el-rubro-reparacion-mantenimiento-montaje-y-ventas-de-gruas\/reparacion-y-mantenimiento-de-hidrogruas\/","title":{"rendered":"Reparaci\u00f3n y mantenimiento"},"content":{"rendered":"<p>Hidro-Truck S.R.L. es una Empresa Argentina dedicada a la actividad de servicios en el rubro reparaci\u00f3n, mantenimiento, montaje y ventas de gr\u00faas e hidroelevadores multimarcas para cubrir las necesidades de la Industria El\u00e9ctrica, Metal mec\u00e1nica, Petroqu\u00edmica, Constructora, Publicidad, Extractiva y otras.<\/p>\n<p>Ofrece sus servicios cumpliendo las principales normas aplicables tanto Europeas, Americanas y locales.<\/p>\n<!-- AddThis Advanced Settings generic via filter on the_content --><!-- AddThis Share Buttons generic via filter on the_content -->","protected":false},"excerpt":{"rendered":"<p>Hidro-Truck S.R.L. es una Empresa Argentina dedicada a la actividad de servicios en el rubro reparaci\u00f3n, mantenimiento, montaje y ventas de gr\u00faas e hidroelevadores multimarcas para cubrir las necesidades de la Industria El\u00e9ctrica, Metal mec\u00e1nica, Petroqu\u00edmica, Constructora, Publicidad, Extractiva y otras. Ofrece sus servicios cumpliendo las principales normas aplicables tanto Europeas, Americanas y locales.<!-- AddThis Advanced Settings generic via filter on get_the_excerpt --><!-- AddThis Share Buttons generic via filter on get_the_excerpt --><\/p>\n","protected":false},"author":1,"featured_media":125,"parent":21,"menu_order":0,"comment_status":"closed","ping_status":"closed","template":"","meta":[],"yoast_head":"<!-- This site is optimized with the Yoast SEO plugin v21.0 - https:\/\/yoast.com\/wordpress\/plugins\/seo\/ -->\n<title>Reparaci\u00f3n y mantenimiento - HidroTruck SRL<\/title>\n<meta name=\"robots\" content=\"index, follow, max-snippet:-1, max-image-preview:large, max-video-preview:-1\" \/>\n<link rel=\"canonical\" href=\"https:\/\/hidro-truck.com\/web\/servicios\/reparacion-y-mantenimiento-de-hidrogruas\/\" \/>\n<meta property=\"og:locale\" content=\"es_ES\" \/>\n<meta property=\"og:type\" content=\"article\" \/>\n<meta property=\"og:title\" content=\"Reparaci\u00f3n y mantenimiento - HidroTruck SRL\" \/>\n<meta property=\"og:description\" content=\"Hidro-Truck S.R.L. es una Empresa Argentina dedicada a la actividad de servicios en el rubro reparaci\u00f3n, mantenimiento, montaje y ventas de gr\u00faas e hidroelevadores multimarcas para cubrir las necesidades de la Industria El\u00e9ctrica, Metal mec\u00e1nica, Petroqu\u00edmica, Constructora, Publicidad, Extractiva y otras. Ofrece sus servicios cumpliendo las principales normas aplicables tanto Europeas, Americanas y locales.\" \/>\n<meta property=\"og:url\" content=\"https:\/\/hidro-truck.com\/web\/servicios\/reparacion-y-mantenimiento-de-hidrogruas\/\" \/>\n<meta property=\"og:site_name\" content=\"HidroTruck SRL\" \/>\n<meta property=\"article:modified_time\" content=\"2016-08-27T00:47:28+00:00\" \/>\n<meta property=\"og:image\" content=\"https:\/\/hidro-truck.com\/web\/wp-content\/uploads\/2016\/07\/reparacion.jpg\" \/>\n\t<meta property=\"og:image:width\" content=\"750\" \/>\n\t<meta property=\"og:image:height\" content=\"291\" \/>\n\t<meta property=\"og:image:type\" content=\"image\/jpeg\" \/>\n<meta name=\"twitter:card\" content=\"summary_large_image\" \/>\n<script type=\"application\/ld+json\" class=\"yoast-schema-graph\">{\"@context\":\"https:\/\/schema.org\",\"@graph\":[{\"@type\":\"WebPage\",\"@id\":\"https:\/\/hidro-truck.com\/web\/servicios\/reparacion-y-mantenimiento-de-hidrogruas\/\",\"url\":\"https:\/\/hidro-truck.com\/web\/servicios\/reparacion-y-mantenimiento-de-hidrogruas\/\",\"name\":\"Reparaci\u00f3n y mantenimiento - HidroTruck SRL\",\"isPartOf\":{\"@id\":\"https:\/\/hidro-truck.com\/web\/#website\"},\"datePublished\":\"2016-07-31T18:55:58+00:00\",\"dateModified\":\"2016-08-27T00:47:28+00:00\",\"breadcrumb\":{\"@id\":\"https:\/\/hidro-truck.com\/web\/servicios\/reparacion-y-mantenimiento-de-hidrogruas\/#breadcrumb\"},\"inLanguage\":\"es\",\"potentialAction\":[{\"@type\":\"ReadAction\",\"target\":[\"https:\/\/hidro-truck.com\/web\/servicios\/reparacion-y-mantenimiento-de-hidrogruas\/\"]}]},{\"@type\":\"BreadcrumbList\",\"@id\":\"https:\/\/hidro-truck.com\/web\/servicios\/reparacion-y-mantenimiento-de-hidrogruas\/#breadcrumb\",\"itemListElement\":[{\"@type\":\"ListItem\",\"position\":1,\"name\":\"Portada\",\"item\":\"https:\/\/hidro-truck.com\/web\/\"},{\"@type\":\"ListItem\",\"position\":2,\"name\":\"Servicios\",\"item\":\"https:\/\/hidro-truck.com\/web\/servicios-en-el-rubro-reparacion-mantenimiento-montaje-y-ventas-de-gruas\/\"},{\"@type\":\"ListItem\",\"position\":3,\"name\":\"Reparaci\u00f3n y mantenimiento\"}]},{\"@type\":\"WebSite\",\"@id\":\"https:\/\/hidro-truck.com\/web\/#website\",\"url\":\"https:\/\/hidro-truck.com\/web\/\",\"name\":\"HidroTruck SRL\",\"description\":\"Venta de Hidrogruas TKA. Reparaci\u00f3n y mantenimiento\",\"potentialAction\":[{\"@type\":\"SearchAction\",\"target\":{\"@type\":\"EntryPoint\",\"urlTemplate\":\"https:\/\/hidro-truck.com\/web\/?s={search_term_string}\"},\"query-input\":\"required name=search_term_string\"}],\"inLanguage\":\"es\"}]}<\/script>\n<!-- \/ Yoast SEO plugin. -->","yoast_head_json":{"title":"Reparaci\u00f3n y mantenimiento - HidroTruck SRL","robots":{"index":"index","follow":"follow","max-snippet":"max-snippet:-1","max-image-preview":"max-image-preview:large","max-video-preview":"max-video-preview:-1"},"canonical":"https:\/\/hidro-truck.com\/web\/servicios\/reparacion-y-mantenimiento-de-hidrogruas\/","og_locale":"es_ES","og_type":"article","og_title":"Reparaci\u00f3n y mantenimiento - HidroTruck SRL","og_description":"Hidro-Truck S.R.L. es una Empresa Argentina dedicada a la actividad de servicios en el rubro reparaci\u00f3n, mantenimiento, montaje y ventas de gr\u00faas e hidroelevadores multimarcas para cubrir las necesidades de la Industria El\u00e9ctrica, Metal mec\u00e1nica, Petroqu\u00edmica, Constructora, Publicidad, Extractiva y otras. Ofrece sus servicios cumpliendo las principales normas aplicables tanto Europeas, Americanas y locales.","og_url":"https:\/\/hidro-truck.com\/web\/servicios\/reparacion-y-mantenimiento-de-hidrogruas\/","og_site_name":"HidroTruck SRL","article_modified_time":"2016-08-27T00:47:28+00:00","og_image":[{"width":750,"height":291,"url":"https:\/\/hidro-truck.com\/web\/wp-content\/uploads\/2016\/07\/reparacion.jpg","type":"image\/jpeg"}],"twitter_card":"summary_large_image","schema":{"@context":"https:\/\/schema.org","@graph":[{"@type":"WebPage","@id":"https:\/\/hidro-truck.com\/web\/servicios\/reparacion-y-mantenimiento-de-hidrogruas\/","url":"https:\/\/hidro-truck.com\/web\/servicios\/reparacion-y-mantenimiento-de-hidrogruas\/","name":"Reparaci\u00f3n y mantenimiento - HidroTruck SRL","isPartOf":{"@id":"https:\/\/hidro-truck.com\/web\/#website"},"datePublished":"2016-07-31T18:55:58+00:00","dateModified":"2016-08-27T00:47:28+00:00","breadcrumb":{"@id":"https:\/\/hidro-truck.com\/web\/servicios\/reparacion-y-mantenimiento-de-hidrogruas\/#breadcrumb"},"inLanguage":"es","potentialAction":[{"@type":"ReadAction","target":["https:\/\/hidro-truck.com\/web\/servicios\/reparacion-y-mantenimiento-de-hidrogruas\/"]}]},{"@type":"BreadcrumbList","@id":"https:\/\/hidro-truck.com\/web\/servicios\/reparacion-y-mantenimiento-de-hidrogruas\/#breadcrumb","itemListElement":[{"@type":"ListItem","position":1,"name":"Portada","item":"https:\/\/hidro-truck.com\/web\/"},{"@type":"ListItem","position":2,"name":"Servicios","item":"https:\/\/hidro-truck.com\/web\/servicios-en-el-rubro-reparacion-mantenimiento-montaje-y-ventas-de-gruas\/"},{"@type":"ListItem","position":3,"name":"Reparaci\u00f3n y mantenimiento"}]},{"@type":"WebSite","@id":"https:\/\/hidro-truck.com\/web\/#website","url":"https:\/\/hidro-truck.com\/web\/","name":"HidroTruck SRL","description":"Venta de Hidrogruas TKA. Reparaci\u00f3n y mantenimiento","potentialAction":[{"@type":"SearchAction","target":{"@type":"EntryPoint","urlTemplate":"https:\/\/hidro-truck.com\/web\/?s={search_term_string}"},"query-input":"required name=search_term_string"}],"inLanguage":"es"}]}},"_links":{"self":[{"href":"https:\/\/hidro-truck.com\/web\/wp-json\/wp\/v2\/pages\/9"}],"collection":[{"href":"https:\/\/hidro-truck.com\/web\/wp-json\/wp\/v2\/pages"}],"about":[{"href":"https:\/\/hidro-truck.com\/web\/wp-json\/wp\/v2\/types\/page"}],"author":[{"embeddable":true,"href":"https:\/\/hidro-truck.com\/web\/wp-json\/wp\/v2\/users\/1"}],"replies":[{"embeddable":true,"href":"https:\/\/hidro-truck.com\/web\/wp-json\/wp\/v2\/comments?post=9"}],"version-history":[{"count":4,"href":"https:\/\/hidro-truck.com\/web\/wp-json\/wp\/v2\/pages\/9\/revisions"}],"predecessor-version":[{"id":85,"href":"https:\/\/hidro-truck.com\/web\/wp-json\/wp\/v2\/pages\/9\/revisions\/85"}],"up":[{"embeddable":true,"href":"https:\/\/hidro-truck.com\/web\/wp-json\/wp\/v2\/pages\/21"}],"wp:featuredmedia":[{"embeddable":true,"href":"https:\/\/hidro-truck.com\/web\/wp-json\/wp\/v2\/media\/125"}],"wp:attachment":[{"href":"https:\/\/hidro-truck.com\/web\/wp-json\/wp\/v2\/media?parent=9"}],"curies":[{"name":"wp","href":"https:\/\/api.w.org\/{rel}","templated":true}]}}