{"id":984,"date":"2017-11-08T04:04:13","date_gmt":"2017-11-08T04:04:13","guid":{"rendered":"http:\/\/hidro-truck.com\/web\/?page_id=984"},"modified":"2017-11-08T15:03:05","modified_gmt":"2017-11-08T15:03:05","slug":"montaje-hidrogrua-tka-27700c","status":"publish","type":"page","link":"https:\/\/hidro-truck.com\/web\/trabajos\/montaje-hidrogrua-tka-27700c\/","title":{"rendered":"Montaje de Hidrogrua TKA 27700C"},"content":{"rendered":"<p><strong>Venta, instalaci\u00f3n y puesta en marcha de gr\u00faa hidr\u00e1ulica articulada TKA 27700C 5H 2M + 3er. Eje Neum\u00e1tico + Cambio de paso en Cami\u00f3n Volvo VM310.<\/strong><\/p>\n<p><iframe loading=\"lazy\" src=\"https:\/\/www.youtube.com\/embed\/sfYu3XxDsNk?rel=0\" width=\"560\" height=\"315\" frameborder=\"0\" allowfullscreen=\"allowfullscreen\"><\/iframe><\/p>\n<p><img decoding=\"async\" loading=\"lazy\" class=\"aligncenter wp-image-992\" src=\"http:\/\/hidro-truck.com\/web\/wp-content\/uploads\/2017\/11\/tka-27700-canario7.jpg\" alt=\"tka-27700-canario7\" width=\"750\" height=\"385\" srcset=\"https:\/\/hidro-truck.com\/web\/wp-content\/uploads\/2017\/11\/tka-27700-canario7.jpg 1170w, https:\/\/hidro-truck.com\/web\/wp-content\/uploads\/2017\/11\/tka-27700-canario7-300x154.jpg 300w, https:\/\/hidro-truck.com\/web\/wp-content\/uploads\/2017\/11\/tka-27700-canario7-768x394.jpg 768w, https:\/\/hidro-truck.com\/web\/wp-content\/uploads\/2017\/11\/tka-27700-canario7-1024x525.jpg 1024w\" sizes=\"(max-width: 750px) 100vw, 750px\" \/><\/p>\n<p>Cliente: El Canario SACIFYA\/COAMTRA SA<\/p>\n\n\t\t<style type=\"text\/css\">\n\t\t\t#gallery-1 {\n\t\t\t\tmargin: auto;\n\t\t\t}\n\t\t\t#gallery-1 .gallery-item {\n\t\t\t\tfloat: left;\n\t\t\t\tmargin-top: 10px;\n\t\t\t\ttext-align: center;\n\t\t\t\twidth: 33%;\n\t\t\t}\n\t\t\t#gallery-1 img {\n\t\t\t\tborder: 2px solid #cfcfcf;\n\t\t\t}\n\t\t\t#gallery-1 .gallery-caption {\n\t\t\t\tmargin-left: 0;\n\t\t\t}\n\t\t\t\/* see gallery_shortcode() in wp-includes\/media.php *\/\n\t\t<\/style>\n\t\t<div id='gallery-1' class='gallery galleryid-984 gallery-columns-3 gallery-size-medium'><dl class='gallery-item'>\n\t\t\t<dt class='gallery-icon landscape'>\n\t\t\t\t<a title=\"tka-27700-canario6\" href='https:\/\/hidro-truck.com\/web\/wp-content\/uploads\/2017\/11\/tka-27700-canario6.jpg'><img width=\"300\" height=\"154\" src=\"https:\/\/hidro-truck.com\/web\/wp-content\/uploads\/2017\/11\/tka-27700-canario6-300x154.jpg\" class=\"attachment-medium size-medium\" alt=\"\" decoding=\"async\" loading=\"lazy\" srcset=\"https:\/\/hidro-truck.com\/web\/wp-content\/uploads\/2017\/11\/tka-27700-canario6-300x154.jpg 300w, https:\/\/hidro-truck.com\/web\/wp-content\/uploads\/2017\/11\/tka-27700-canario6-768x394.jpg 768w, https:\/\/hidro-truck.com\/web\/wp-content\/uploads\/2017\/11\/tka-27700-canario6-1024x525.jpg 1024w, https:\/\/hidro-truck.com\/web\/wp-content\/uploads\/2017\/11\/tka-27700-canario6.jpg 1170w\" sizes=\"(max-width: 300px) 100vw, 300px\" \/><\/a>\n\t\t\t<\/dt><\/dl><dl class='gallery-item'>\n\t\t\t<dt class='gallery-icon landscape'>\n\t\t\t\t<a title=\"tka-27700-canario5\" href='https:\/\/hidro-truck.com\/web\/wp-content\/uploads\/2017\/11\/tka-27700-canario5.jpg'><img width=\"300\" height=\"154\" src=\"https:\/\/hidro-truck.com\/web\/wp-content\/uploads\/2017\/11\/tka-27700-canario5-300x154.jpg\" class=\"attachment-medium size-medium\" alt=\"\" decoding=\"async\" loading=\"lazy\" srcset=\"https:\/\/hidro-truck.com\/web\/wp-content\/uploads\/2017\/11\/tka-27700-canario5-300x154.jpg 300w, https:\/\/hidro-truck.com\/web\/wp-content\/uploads\/2017\/11\/tka-27700-canario5-768x394.jpg 768w, https:\/\/hidro-truck.com\/web\/wp-content\/uploads\/2017\/11\/tka-27700-canario5-1024x525.jpg 1024w, https:\/\/hidro-truck.com\/web\/wp-content\/uploads\/2017\/11\/tka-27700-canario5.jpg 1170w\" sizes=\"(max-width: 300px) 100vw, 300px\" \/><\/a>\n\t\t\t<\/dt><\/dl><dl class='gallery-item'>\n\t\t\t<dt class='gallery-icon landscape'>\n\t\t\t\t<a title=\"tka-27700-canario2\" href='https:\/\/hidro-truck.com\/web\/wp-content\/uploads\/2017\/11\/tka-27700-canario2.jpg'><img width=\"300\" height=\"154\" src=\"https:\/\/hidro-truck.com\/web\/wp-content\/uploads\/2017\/11\/tka-27700-canario2-300x154.jpg\" class=\"attachment-medium size-medium\" alt=\"\" decoding=\"async\" loading=\"lazy\" srcset=\"https:\/\/hidro-truck.com\/web\/wp-content\/uploads\/2017\/11\/tka-27700-canario2-300x154.jpg 300w, https:\/\/hidro-truck.com\/web\/wp-content\/uploads\/2017\/11\/tka-27700-canario2-768x394.jpg 768w, https:\/\/hidro-truck.com\/web\/wp-content\/uploads\/2017\/11\/tka-27700-canario2-1024x525.jpg 1024w, https:\/\/hidro-truck.com\/web\/wp-content\/uploads\/2017\/11\/tka-27700-canario2.jpg 1170w\" sizes=\"(max-width: 300px) 100vw, 300px\" \/><\/a>\n\t\t\t<\/dt><\/dl><br style=\"clear: both\" \/><dl class='gallery-item'>\n\t\t\t<dt class='gallery-icon landscape'>\n\t\t\t\t<a title=\"tka-27700-canario12\" href='https:\/\/hidro-truck.com\/web\/wp-content\/uploads\/2017\/11\/tka-27700-canario12.jpg'><img width=\"300\" height=\"154\" src=\"https:\/\/hidro-truck.com\/web\/wp-content\/uploads\/2017\/11\/tka-27700-canario12-300x154.jpg\" class=\"attachment-medium size-medium\" alt=\"\" decoding=\"async\" loading=\"lazy\" srcset=\"https:\/\/hidro-truck.com\/web\/wp-content\/uploads\/2017\/11\/tka-27700-canario12-300x154.jpg 300w, https:\/\/hidro-truck.com\/web\/wp-content\/uploads\/2017\/11\/tka-27700-canario12-768x394.jpg 768w, https:\/\/hidro-truck.com\/web\/wp-content\/uploads\/2017\/11\/tka-27700-canario12-1024x525.jpg 1024w, https:\/\/hidro-truck.com\/web\/wp-content\/uploads\/2017\/11\/tka-27700-canario12.jpg 1170w\" sizes=\"(max-width: 300px) 100vw, 300px\" \/><\/a>\n\t\t\t<\/dt><\/dl><dl class='gallery-item'>\n\t\t\t<dt class='gallery-icon landscape'>\n\t\t\t\t<a title=\"tka-27700-canario1\" href='https:\/\/hidro-truck.com\/web\/wp-content\/uploads\/2017\/11\/tka-27700-canario1.jpg'><img width=\"300\" height=\"154\" src=\"https:\/\/hidro-truck.com\/web\/wp-content\/uploads\/2017\/11\/tka-27700-canario1-300x154.jpg\" class=\"attachment-medium size-medium\" alt=\"\" decoding=\"async\" loading=\"lazy\" srcset=\"https:\/\/hidro-truck.com\/web\/wp-content\/uploads\/2017\/11\/tka-27700-canario1-300x154.jpg 300w, https:\/\/hidro-truck.com\/web\/wp-content\/uploads\/2017\/11\/tka-27700-canario1-768x394.jpg 768w, https:\/\/hidro-truck.com\/web\/wp-content\/uploads\/2017\/11\/tka-27700-canario1-1024x525.jpg 1024w, https:\/\/hidro-truck.com\/web\/wp-content\/uploads\/2017\/11\/tka-27700-canario1.jpg 1170w\" sizes=\"(max-width: 300px) 100vw, 300px\" \/><\/a>\n\t\t\t<\/dt><\/dl><dl class='gallery-item'>\n\t\t\t<dt class='gallery-icon landscape'>\n\t\t\t\t<a title=\"tka-27700-canario8\" href='https:\/\/hidro-truck.com\/web\/wp-content\/uploads\/2017\/11\/tka-27700-canario8.jpg'><img width=\"300\" height=\"154\" src=\"https:\/\/hidro-truck.com\/web\/wp-content\/uploads\/2017\/11\/tka-27700-canario8-300x154.jpg\" class=\"attachment-medium size-medium\" alt=\"\" decoding=\"async\" loading=\"lazy\" srcset=\"https:\/\/hidro-truck.com\/web\/wp-content\/uploads\/2017\/11\/tka-27700-canario8-300x154.jpg 300w, https:\/\/hidro-truck.com\/web\/wp-content\/uploads\/2017\/11\/tka-27700-canario8-768x394.jpg 768w, https:\/\/hidro-truck.com\/web\/wp-content\/uploads\/2017\/11\/tka-27700-canario8-1024x525.jpg 1024w, https:\/\/hidro-truck.com\/web\/wp-content\/uploads\/2017\/11\/tka-27700-canario8.jpg 1170w\" sizes=\"(max-width: 300px) 100vw, 300px\" \/><\/a>\n\t\t\t<\/dt><\/dl><br style=\"clear: both\" \/><dl class='gallery-item'>\n\t\t\t<dt class='gallery-icon landscape'>\n\t\t\t\t<a title=\"tka-27700-canario3\" href='https:\/\/hidro-truck.com\/web\/wp-content\/uploads\/2017\/11\/tka-27700-canario3.jpg'><img width=\"300\" height=\"154\" src=\"https:\/\/hidro-truck.com\/web\/wp-content\/uploads\/2017\/11\/tka-27700-canario3-300x154.jpg\" class=\"attachment-medium size-medium\" alt=\"\" decoding=\"async\" loading=\"lazy\" srcset=\"https:\/\/hidro-truck.com\/web\/wp-content\/uploads\/2017\/11\/tka-27700-canario3-300x154.jpg 300w, https:\/\/hidro-truck.com\/web\/wp-content\/uploads\/2017\/11\/tka-27700-canario3-768x394.jpg 768w, https:\/\/hidro-truck.com\/web\/wp-content\/uploads\/2017\/11\/tka-27700-canario3-1024x525.jpg 1024w, https:\/\/hidro-truck.com\/web\/wp-content\/uploads\/2017\/11\/tka-27700-canario3.jpg 1170w\" sizes=\"(max-width: 300px) 100vw, 300px\" \/><\/a>\n\t\t\t<\/dt><\/dl><dl class='gallery-item'>\n\t\t\t<dt class='gallery-icon landscape'>\n\t\t\t\t<a title=\"tka-27700-canario7\" href='https:\/\/hidro-truck.com\/web\/wp-content\/uploads\/2017\/11\/tka-27700-canario7.jpg'><img width=\"300\" height=\"154\" src=\"https:\/\/hidro-truck.com\/web\/wp-content\/uploads\/2017\/11\/tka-27700-canario7-300x154.jpg\" class=\"attachment-medium size-medium\" alt=\"\" decoding=\"async\" loading=\"lazy\" srcset=\"https:\/\/hidro-truck.com\/web\/wp-content\/uploads\/2017\/11\/tka-27700-canario7-300x154.jpg 300w, https:\/\/hidro-truck.com\/web\/wp-content\/uploads\/2017\/11\/tka-27700-canario7-768x394.jpg 768w, https:\/\/hidro-truck.com\/web\/wp-content\/uploads\/2017\/11\/tka-27700-canario7-1024x525.jpg 1024w, https:\/\/hidro-truck.com\/web\/wp-content\/uploads\/2017\/11\/tka-27700-canario7.jpg 1170w\" sizes=\"(max-width: 300px) 100vw, 300px\" \/><\/a>\n\t\t\t<\/dt><\/dl><dl class='gallery-item'>\n\t\t\t<dt class='gallery-icon landscape'>\n\t\t\t\t<a title=\"tka-27700-canario4\" href='https:\/\/hidro-truck.com\/web\/wp-content\/uploads\/2017\/11\/tka-27700-canario4.jpg'><img width=\"300\" height=\"154\" src=\"https:\/\/hidro-truck.com\/web\/wp-content\/uploads\/2017\/11\/tka-27700-canario4-300x154.jpg\" class=\"attachment-medium size-medium\" alt=\"\" decoding=\"async\" loading=\"lazy\" srcset=\"https:\/\/hidro-truck.com\/web\/wp-content\/uploads\/2017\/11\/tka-27700-canario4-300x154.jpg 300w, https:\/\/hidro-truck.com\/web\/wp-content\/uploads\/2017\/11\/tka-27700-canario4-768x394.jpg 768w, https:\/\/hidro-truck.com\/web\/wp-content\/uploads\/2017\/11\/tka-27700-canario4-1024x525.jpg 1024w, https:\/\/hidro-truck.com\/web\/wp-content\/uploads\/2017\/11\/tka-27700-canario4.jpg 1170w\" sizes=\"(max-width: 300px) 100vw, 300px\" \/><\/a>\n\t\t\t<\/dt><\/dl><br style=\"clear: both\" \/>\n\t\t<\/div>\n\n<!-- AddThis Advanced Settings generic via filter on the_content --><!-- AddThis Share Buttons generic via filter on the_content -->","protected":false},"excerpt":{"rendered":"<p>Venta, instalaci\u00f3n y puesta en marcha de gr\u00faa hidr\u00e1ulica articulada TKA 27700C 5H 2M + 3er. Eje Neum\u00e1tico + Cambio de paso en Cami\u00f3n Volvo VM310. Cliente: El Canario SACIFYA\/COAMTRA SA<!-- AddThis Advanced Settings generic via filter on get_the_excerpt --><!-- AddThis Share Buttons generic via filter on get_the_excerpt --><\/p>\n","protected":false},"author":1,"featured_media":990,"parent":23,"menu_order":0,"comment_status":"closed","ping_status":"closed","template":"","meta":[],"yoast_head":"<!-- This site is optimized with the Yoast SEO plugin v21.0 - https:\/\/yoast.com\/wordpress\/plugins\/seo\/ -->\n<title>Montaje de Hidrogrua TKA 27700C - HidroTruck SRL<\/title>\n<meta name=\"robots\" content=\"index, follow, max-snippet:-1, max-image-preview:large, max-video-preview:-1\" \/>\n<link rel=\"canonical\" href=\"https:\/\/hidro-truck.com\/web\/trabajos\/montaje-hidrogrua-tka-27700c\/\" \/>\n<meta property=\"og:locale\" content=\"es_ES\" \/>\n<meta property=\"og:type\" content=\"article\" \/>\n<meta property=\"og:title\" content=\"Montaje de Hidrogrua TKA 27700C - HidroTruck SRL\" \/>\n<meta property=\"og:description\" content=\"Venta, instalaci\u00f3n y puesta en marcha de gr\u00faa hidr\u00e1ulica articulada TKA 27700C 5H 2M + 3er. Eje Neum\u00e1tico + Cambio de paso en Cami\u00f3n Volvo VM310. Cliente: El Canario SACIFYA\/COAMTRA SA\" \/>\n<meta property=\"og:url\" content=\"https:\/\/hidro-truck.com\/web\/trabajos\/montaje-hidrogrua-tka-27700c\/\" \/>\n<meta property=\"og:site_name\" content=\"HidroTruck SRL\" \/>\n<meta property=\"article:modified_time\" content=\"2017-11-08T15:03:05+00:00\" \/>\n<meta property=\"og:image\" content=\"https:\/\/hidro-truck.com\/web\/wp-content\/uploads\/2017\/11\/tka-27700-canario5.jpg\" \/>\n\t<meta property=\"og:image:width\" content=\"1170\" \/>\n\t<meta property=\"og:image:height\" content=\"600\" \/>\n\t<meta property=\"og:image:type\" content=\"image\/jpeg\" \/>\n<meta name=\"twitter:card\" content=\"summary_large_image\" \/>\n<script type=\"application\/ld+json\" class=\"yoast-schema-graph\">{\"@context\":\"https:\/\/schema.org\",\"@graph\":[{\"@type\":\"WebPage\",\"@id\":\"https:\/\/hidro-truck.com\/web\/trabajos\/montaje-hidrogrua-tka-27700c\/\",\"url\":\"https:\/\/hidro-truck.com\/web\/trabajos\/montaje-hidrogrua-tka-27700c\/\",\"name\":\"Montaje de Hidrogrua TKA 27700C - HidroTruck SRL\",\"isPartOf\":{\"@id\":\"https:\/\/hidro-truck.com\/web\/#website\"},\"datePublished\":\"2017-11-08T04:04:13+00:00\",\"dateModified\":\"2017-11-08T15:03:05+00:00\",\"breadcrumb\":{\"@id\":\"https:\/\/hidro-truck.com\/web\/trabajos\/montaje-hidrogrua-tka-27700c\/#breadcrumb\"},\"inLanguage\":\"es\",\"potentialAction\":[{\"@type\":\"ReadAction\",\"target\":[\"https:\/\/hidro-truck.com\/web\/trabajos\/montaje-hidrogrua-tka-27700c\/\"]}]},{\"@type\":\"BreadcrumbList\",\"@id\":\"https:\/\/hidro-truck.com\/web\/trabajos\/montaje-hidrogrua-tka-27700c\/#breadcrumb\",\"itemListElement\":[{\"@type\":\"ListItem\",\"position\":1,\"name\":\"Portada\",\"item\":\"https:\/\/hidro-truck.com\/web\/\"},{\"@type\":\"ListItem\",\"position\":2,\"name\":\"Trabajos\",\"item\":\"https:\/\/hidro-truck.com\/web\/trabajos\/\"},{\"@type\":\"ListItem\",\"position\":3,\"name\":\"Montaje de Hidrogrua TKA 27700C\"}]},{\"@type\":\"WebSite\",\"@id\":\"https:\/\/hidro-truck.com\/web\/#website\",\"url\":\"https:\/\/hidro-truck.com\/web\/\",\"name\":\"HidroTruck SRL\",\"description\":\"Venta de Hidrogruas TKA. Reparaci\u00f3n y mantenimiento\",\"potentialAction\":[{\"@type\":\"SearchAction\",\"target\":{\"@type\":\"EntryPoint\",\"urlTemplate\":\"https:\/\/hidro-truck.com\/web\/?s={search_term_string}\"},\"query-input\":\"required name=search_term_string\"}],\"inLanguage\":\"es\"}]}<\/script>\n<!-- \/ Yoast SEO plugin. -->","yoast_head_json":{"title":"Montaje de Hidrogrua TKA 27700C - HidroTruck SRL","robots":{"index":"index","follow":"follow","max-snippet":"max-snippet:-1","max-image-preview":"max-image-preview:large","max-video-preview":"max-video-preview:-1"},"canonical":"https:\/\/hidro-truck.com\/web\/trabajos\/montaje-hidrogrua-tka-27700c\/","og_locale":"es_ES","og_type":"article","og_title":"Montaje de Hidrogrua TKA 27700C - HidroTruck SRL","og_description":"Venta, instalaci\u00f3n y puesta en marcha de gr\u00faa hidr\u00e1ulica articulada TKA 27700C 5H 2M + 3er. Eje Neum\u00e1tico + Cambio de paso en Cami\u00f3n Volvo VM310. Cliente: El Canario SACIFYA\/COAMTRA SA","og_url":"https:\/\/hidro-truck.com\/web\/trabajos\/montaje-hidrogrua-tka-27700c\/","og_site_name":"HidroTruck SRL","article_modified_time":"2017-11-08T15:03:05+00:00","og_image":[{"width":1170,"height":600,"url":"https:\/\/hidro-truck.com\/web\/wp-content\/uploads\/2017\/11\/tka-27700-canario5.jpg","type":"image\/jpeg"}],"twitter_card":"summary_large_image","schema":{"@context":"https:\/\/schema.org","@graph":[{"@type":"WebPage","@id":"https:\/\/hidro-truck.com\/web\/trabajos\/montaje-hidrogrua-tka-27700c\/","url":"https:\/\/hidro-truck.com\/web\/trabajos\/montaje-hidrogrua-tka-27700c\/","name":"Montaje de Hidrogrua TKA 27700C - HidroTruck SRL","isPartOf":{"@id":"https:\/\/hidro-truck.com\/web\/#website"},"datePublished":"2017-11-08T04:04:13+00:00","dateModified":"2017-11-08T15:03:05+00:00","breadcrumb":{"@id":"https:\/\/hidro-truck.com\/web\/trabajos\/montaje-hidrogrua-tka-27700c\/#breadcrumb"},"inLanguage":"es","potentialAction":[{"@type":"ReadAction","target":["https:\/\/hidro-truck.com\/web\/trabajos\/montaje-hidrogrua-tka-27700c\/"]}]},{"@type":"BreadcrumbList","@id":"https:\/\/hidro-truck.com\/web\/trabajos\/montaje-hidrogrua-tka-27700c\/#breadcrumb","itemListElement":[{"@type":"ListItem","position":1,"name":"Portada","item":"https:\/\/hidro-truck.com\/web\/"},{"@type":"ListItem","position":2,"name":"Trabajos","item":"https:\/\/hidro-truck.com\/web\/trabajos\/"},{"@type":"ListItem","position":3,"name":"Montaje de Hidrogrua TKA 27700C"}]},{"@type":"WebSite","@id":"https:\/\/hidro-truck.com\/web\/#website","url":"https:\/\/hidro-truck.com\/web\/","name":"HidroTruck SRL","description":"Venta de Hidrogruas TKA. Reparaci\u00f3n y mantenimiento","potentialAction":[{"@type":"SearchAction","target":{"@type":"EntryPoint","urlTemplate":"https:\/\/hidro-truck.com\/web\/?s={search_term_string}"},"query-input":"required name=search_term_string"}],"inLanguage":"es"}]}},"_links":{"self":[{"href":"https:\/\/hidro-truck.com\/web\/wp-json\/wp\/v2\/pages\/984"}],"collection":[{"href":"https:\/\/hidro-truck.com\/web\/wp-json\/wp\/v2\/pages"}],"about":[{"href":"https:\/\/hidro-truck.com\/web\/wp-json\/wp\/v2\/types\/page"}],"author":[{"embeddable":true,"href":"https:\/\/hidro-truck.com\/web\/wp-json\/wp\/v2\/users\/1"}],"replies":[{"embeddable":true,"href":"https:\/\/hidro-truck.com\/web\/wp-json\/wp\/v2\/comments?post=984"}],"version-history":[{"count":6,"href":"https:\/\/hidro-truck.com\/web\/wp-json\/wp\/v2\/pages\/984\/revisions"}],"predecessor-version":[{"id":1003,"href":"https:\/\/hidro-truck.com\/web\/wp-json\/wp\/v2\/pages\/984\/revisions\/1003"}],"up":[{"embeddable":true,"href":"https:\/\/hidro-truck.com\/web\/wp-json\/wp\/v2\/pages\/23"}],"wp:featuredmedia":[{"embeddable":true,"href":"https:\/\/hidro-truck.com\/web\/wp-json\/wp\/v2\/media\/990"}],"wp:attachment":[{"href":"https:\/\/hidro-truck.com\/web\/wp-json\/wp\/v2\/media?parent=984"}],"curies":[{"name":"wp","href":"https:\/\/api.w.org\/{rel}","templated":true}]}}